{"id":36917,"date":"2026-03-20T14:27:15","date_gmt":"2026-03-20T19:27:15","guid":{"rendered":"https:\/\/beiroperu.com\/tienda\/?post_type=product&#038;p=36917"},"modified":"2026-03-20T18:56:38","modified_gmt":"2026-03-20T23:56:38","slug":"leica-ts07-5-r500","status":"publish","type":"product","link":"https:\/\/beiroperu.com\/tienda\/catalogo\/topografia\/estaciones-totales\/leica\/leica-ts07-5-r500\/","title":{"rendered":"LEICA TS07-5&#8243; R500"},"content":{"rendered":"<p>La\u00a0<b>Estaci\u00f3n Total\u00a0<\/b>manualsin reflector\u00a0<strong>Leica<\/strong>\u00a0<strong>TS07<\/strong>\u00a0FlexLine\u00a0es un equipo de topograf\u00eda que hace posible mediciones topogr\u00e1ficas de mediana a alta precisi\u00f3n y tareas de levantamiento de manera sencilla y eficiente.\u00a0La\u00a0<strong>Estaci\u00f3n Total\u00a0<\/strong>manual\u00a0<strong>Leica\u00a0FlexLine\u00a0TS07\u00a0<\/strong>ofrece\u00a0un rango sin reflector de hasta 500m\u00a0con el EDM R500, esta Estaci\u00f3n Total manual tambi\u00e9n mide un rango sin reflector de hasta 1,000m\u00a0con el EDM R1000\u00a0y un rango de hasta 3,500m\u00a0con un solo prisma.<\/p>\n<p>Con La\u00a0<strong>Estaci\u00f3n Total\u00a0<\/strong><strong>Leica\u00a0TS07\u00a0<\/strong>FlexLine\u00a0permite medir\u00a0m\u00e1s puntos gracias al\u00a0software de Leica FlexField que genera resultados estables y precisos en cualquier entorno.Con\u00a0\u00a0<strong>LEICA TS07<\/strong>\u00a0ahorras tiempo con\u00a0<strong>AutoHeight:<\/strong>\u00a0Mida, lea y ajuste autom\u00e1ticamente la altura del instrumento (Opcional).<\/p>\n<p><strong>ESPECIFICACIONES T\u00c9CNICAS:<\/strong><\/p>\n<table>\n<tbody>\n<tr>\n<td><strong>MEDICI\u00d3N ANGULAR<\/strong><\/td>\n<td><\/td>\n<\/tr>\n<tr>\n<td>Precisi\u00f3n Hz y V<\/td>\n<td>Absoluto, continuo, diametral &#8211;\u00a0 5&#8243;<br \/>\nResoluci\u00f3n de la pantalla: 0,1\u201d (0,1 mgon)<br \/>\nCompensaci\u00f3n de cu\u00e1druple eje<br \/>\nConfiguraci\u00f3n de precisi\u00f3n del compensador2: 0,5\u2019\u2019 \/ 1\u2019\u2019\/ 1,5\u2019\u2019 \/ 2\u2019\u2019<br \/>\nAlcance del compensador: +\/- 4\u2019<br \/>\nResoluci\u00f3n del nivel electr\u00f3nico: 2\u201c<br \/>\nSensibilidad del nivel esf\u00e9rico: 6` \/ 2 mm<\/td>\n<\/tr>\n<tr>\n<td><strong>MEDICI\u00d3N DE DISTANCIAS<\/strong><\/td>\n<td><\/td>\n<\/tr>\n<tr>\n<td>Alcance<\/td>\n<td>Prisma (GPR1, GPH1P): 1,5 m a 3,500 m<br \/>\nPrism GPR1 (modo de largo alcance) &gt; 10.000 m<br \/>\nSin Prisma \/ A cualquier superficie R500<\/td>\n<\/tr>\n<tr>\n<td>Precisi\u00f3n \/ Tiempo de<br \/>\nMedici\u00f3n<\/td>\n<td><strong>Normal (a prisma)<\/strong><br \/>\n&#8211; M\u00e1s preciso \/ Una vez: 1 mm + 1,5 ppm (normalmente 2,4 s)<br \/>\n&#8211; Preciso y r\u00e1pido \/ Una vez y r\u00e1pido: 2 mm + 1,5 ppm (normalmente 2 s)<br \/>\n&#8211; Seguimiento \/ Continuo: 3 mm + 1,5 ppm (normalmente &lt; 0,15 s)<br \/>\n&#8211; Promedio: 1 mm + 1,5 ppm<br \/>\n&#8211; Modo de largo alcance \/ &gt; 4 km: 5 mm + 2 ppm (normalmente 2,5 s)<strong>Sin Prisma \/ A cualquier superficie<\/strong><br \/>\n&#8211; 0 m &#8211; 500 m: 2 mm + 2 ppm (normalmente 3 &#8211; 6 s)<br \/>\n&#8211; &gt; 500 m: 4 mm + 2 ppm (normalmente 3 &#8211; 6 s)<\/td>\n<\/tr>\n<tr>\n<td><\/td>\n<\/tr>\n<\/tbody>\n<\/table>\n<p><a id=\"product_cat-add-toggle\" class=\"hide-if-no-js taxonomy-add-new\" href=\"https:\/\/beiroperu.com\/tienda\/wp-admin\/post.php?post=36917&amp;action=edit#product_cat-add\"> + A\u00f1adir nueva categor\u00eda <\/a><\/p>\n<p>Categor\u00edas I\u00a0<strong>Estaciones totales<\/strong><\/p>\n<p><strong>\u00a0\u00a0<\/strong><strong>\u00a0<\/strong><\/p>\n<p><strong>Ver m<\/strong><strong>as informaci\u00f3n:\u00a0<a href=\"https:\/\/cosola.com\/images\/Brochure-Leica-FlexLine-TS03-TS07_1.pdf\" target=\"_blank\" rel=\"noopener\"><img loading=\"lazy\" decoding=\"async\" src=\"https:\/\/www.cosola.com\/images\/logos\/Logo-PDF.png\" alt=\"Logo-PDF\" width=\"70\" height=\"70\" \/><\/a><\/strong><\/p>\n<p>&nbsp;<\/p>\n","protected":false},"excerpt":{"rendered":"<p>La\u00a0<b>Estaci\u00f3n Total\u00a0<\/b>manualsin reflector\u00a0<strong>Leica<\/strong>\u00a0<strong>TS07<\/strong>\u00a0FlexLine\u00a0es un equipo de topograf\u00eda que hace posible mediciones topogr\u00e1ficas de mediana a alta precisi\u00f3n y tareas de levantamiento de manera sencilla y eficiente.<\/p>\n","protected":false},"featured_media":36926,"comment_status":"open","ping_status":"closed","template":"","meta":[],"product_brand":[],"product_cat":[71],"product_tag":[],"class_list":{"0":"post-36917","1":"product","2":"type-product","3":"status-publish","4":"has-post-thumbnail","6":"product_cat-leica","8":"first","9":"instock","10":"shipping-taxable","11":"product-type-simple"},"yoast_head":"<!-- This site is optimized with the Yoast SEO plugin v27.2 - https:\/\/yoast.com\/product\/yoast-seo-wordpress\/ -->\n<title>LEICA TS07-5&quot; R500 - Topograf\u00eda, Geolog\u00eda, Miner\u00eda y Equipamiento de Oficina<\/title>\n<meta name=\"robots\" content=\"index, follow, max-snippet:-1, max-image-preview:large, max-video-preview:-1\" \/>\n<link rel=\"canonical\" href=\"https:\/\/beiroperu.com\/tienda\/catalogo\/topografia\/estaciones-totales\/leica\/leica-ts07-5-r500\/\" \/>\n<meta property=\"og:locale\" content=\"es_ES\" \/>\n<meta property=\"og:type\" content=\"article\" \/>\n<meta property=\"og:title\" content=\"LEICA TS07-5&quot; R500 - Topograf\u00eda, Geolog\u00eda, Miner\u00eda y Equipamiento de Oficina\" \/>\n<meta property=\"og:description\" content=\"La\u00a0Estaci\u00f3n Total\u00a0manualsin reflector\u00a0Leica\u00a0TS07\u00a0FlexLine\u00a0es un equipo de topograf\u00eda que hace posible mediciones topogr\u00e1ficas de mediana a alta precisi\u00f3n y tareas de levantamiento de manera sencilla y eficiente.\" \/>\n<meta property=\"og:url\" content=\"https:\/\/beiroperu.com\/tienda\/catalogo\/topografia\/estaciones-totales\/leica\/leica-ts07-5-r500\/\" \/>\n<meta property=\"og:site_name\" content=\"Topograf\u00eda, Geolog\u00eda, Miner\u00eda y Equipamiento de Oficina\" \/>\n<meta property=\"article:publisher\" content=\"https:\/\/www.facebook.com\/profile.php?id=61574959587714\" \/>\n<meta property=\"article:modified_time\" content=\"2026-03-20T23:56:38+00:00\" \/>\n<meta property=\"og:image\" content=\"https:\/\/beiroperu.com\/tienda\/wp-content\/uploads\/2026\/03\/leica-ts07-equipo1.jpg\" \/>\n\t<meta property=\"og:image:width\" content=\"800\" \/>\n\t<meta property=\"og:image:height\" content=\"930\" \/>\n\t<meta property=\"og:image:type\" content=\"image\/jpeg\" \/>\n<meta name=\"twitter:card\" content=\"summary_large_image\" \/>\n<meta name=\"twitter:label1\" content=\"Tiempo de lectura\" \/>\n\t<meta name=\"twitter:data1\" content=\"2 minutos\" \/>\n<script type=\"application\/ld+json\" class=\"yoast-schema-graph\">{\"@context\":\"https:\/\/schema.org\",\"@graph\":[{\"@type\":\"WebPage\",\"@id\":\"https:\/\/beiroperu.com\/tienda\/catalogo\/topografia\/estaciones-totales\/leica\/leica-ts07-5-r500\/\",\"url\":\"https:\/\/beiroperu.com\/tienda\/catalogo\/topografia\/estaciones-totales\/leica\/leica-ts07-5-r500\/\",\"name\":\"LEICA TS07-5\\\" R500 - Topograf\u00eda, Geolog\u00eda, Miner\u00eda y Equipamiento de Oficina\",\"isPartOf\":{\"@id\":\"https:\/\/beiroperu.com\/tienda\/#website\"},\"primaryImageOfPage\":{\"@id\":\"https:\/\/beiroperu.com\/tienda\/catalogo\/topografia\/estaciones-totales\/leica\/leica-ts07-5-r500\/#primaryimage\"},\"image\":{\"@id\":\"https:\/\/beiroperu.com\/tienda\/catalogo\/topografia\/estaciones-totales\/leica\/leica-ts07-5-r500\/#primaryimage\"},\"thumbnailUrl\":\"https:\/\/beiroperu.com\/tienda\/wp-content\/uploads\/2026\/03\/leica-ts07-equipo1.jpg\",\"datePublished\":\"2026-03-20T19:27:15+00:00\",\"dateModified\":\"2026-03-20T23:56:38+00:00\",\"breadcrumb\":{\"@id\":\"https:\/\/beiroperu.com\/tienda\/catalogo\/topografia\/estaciones-totales\/leica\/leica-ts07-5-r500\/#breadcrumb\"},\"inLanguage\":\"es\",\"potentialAction\":[{\"@type\":\"ReadAction\",\"target\":[\"https:\/\/beiroperu.com\/tienda\/catalogo\/topografia\/estaciones-totales\/leica\/leica-ts07-5-r500\/\"]}]},{\"@type\":\"ImageObject\",\"inLanguage\":\"es\",\"@id\":\"https:\/\/beiroperu.com\/tienda\/catalogo\/topografia\/estaciones-totales\/leica\/leica-ts07-5-r500\/#primaryimage\",\"url\":\"https:\/\/beiroperu.com\/tienda\/wp-content\/uploads\/2026\/03\/leica-ts07-equipo1.jpg\",\"contentUrl\":\"https:\/\/beiroperu.com\/tienda\/wp-content\/uploads\/2026\/03\/leica-ts07-equipo1.jpg\",\"width\":800,\"height\":930},{\"@type\":\"BreadcrumbList\",\"@id\":\"https:\/\/beiroperu.com\/tienda\/catalogo\/topografia\/estaciones-totales\/leica\/leica-ts07-5-r500\/#breadcrumb\",\"itemListElement\":[{\"@type\":\"ListItem\",\"position\":1,\"name\":\"Portada\",\"item\":\"https:\/\/beiroperu.com\/tienda\/\"},{\"@type\":\"ListItem\",\"position\":2,\"name\":\"Shop\",\"item\":\"https:\/\/beiroperu.com\/tienda\/shop\/\"},{\"@type\":\"ListItem\",\"position\":3,\"name\":\"LEICA TS07-5&#8243; R500\"}]},{\"@type\":\"WebSite\",\"@id\":\"https:\/\/beiroperu.com\/tienda\/#website\",\"url\":\"https:\/\/beiroperu.com\/tienda\/\",\"name\":\"Topograf\u00eda, Geolog\u00eda, Miner\u00eda y Equipamiento de Oficina\",\"description\":\"Beiro Per\u00fa\",\"publisher\":{\"@id\":\"https:\/\/beiroperu.com\/tienda\/#organization\"},\"alternateName\":\"Beiro Per\u00fa\",\"potentialAction\":[{\"@type\":\"SearchAction\",\"target\":{\"@type\":\"EntryPoint\",\"urlTemplate\":\"https:\/\/beiroperu.com\/tienda\/?s={search_term_string}\"},\"query-input\":{\"@type\":\"PropertyValueSpecification\",\"valueRequired\":true,\"valueName\":\"search_term_string\"}}],\"inLanguage\":\"es\"},{\"@type\":\"Organization\",\"@id\":\"https:\/\/beiroperu.com\/tienda\/#organization\",\"name\":\"Beiro\",\"alternateName\":\"Beiro Per\u00fa\",\"url\":\"https:\/\/beiroperu.com\/tienda\/\",\"logo\":{\"@type\":\"ImageObject\",\"inLanguage\":\"es\",\"@id\":\"https:\/\/beiroperu.com\/tienda\/#\/schema\/logo\/image\/\",\"url\":\"https:\/\/beiroperu.com\/tienda\/wp-content\/uploads\/2026\/03\/logo-beiro.jpeg\",\"contentUrl\":\"https:\/\/beiroperu.com\/tienda\/wp-content\/uploads\/2026\/03\/logo-beiro.jpeg\",\"width\":322,\"height\":123,\"caption\":\"Beiro\"},\"image\":{\"@id\":\"https:\/\/beiroperu.com\/tienda\/#\/schema\/logo\/image\/\"},\"sameAs\":[\"https:\/\/www.facebook.com\/profile.php?id=61574959587714\",\"https:\/\/www.instagram.com\/beiro_equipos_topograficos?igsh=cG11NHowcmp1dzFq\",\"https:\/\/www.threads.com\/@beiro_equipos_topograficos\"]}]}<\/script>\n<!-- \/ Yoast SEO plugin. -->","yoast_head_json":{"title":"LEICA TS07-5\" R500 - Topograf\u00eda, Geolog\u00eda, Miner\u00eda y Equipamiento de Oficina","robots":{"index":"index","follow":"follow","max-snippet":"max-snippet:-1","max-image-preview":"max-image-preview:large","max-video-preview":"max-video-preview:-1"},"canonical":"https:\/\/beiroperu.com\/tienda\/catalogo\/topografia\/estaciones-totales\/leica\/leica-ts07-5-r500\/","og_locale":"es_ES","og_type":"article","og_title":"LEICA TS07-5\" R500 - Topograf\u00eda, Geolog\u00eda, Miner\u00eda y Equipamiento de Oficina","og_description":"La\u00a0Estaci\u00f3n Total\u00a0manualsin reflector\u00a0Leica\u00a0TS07\u00a0FlexLine\u00a0es un equipo de topograf\u00eda que hace posible mediciones topogr\u00e1ficas de mediana a alta precisi\u00f3n y tareas de levantamiento de manera sencilla y eficiente.","og_url":"https:\/\/beiroperu.com\/tienda\/catalogo\/topografia\/estaciones-totales\/leica\/leica-ts07-5-r500\/","og_site_name":"Topograf\u00eda, Geolog\u00eda, Miner\u00eda y Equipamiento de Oficina","article_publisher":"https:\/\/www.facebook.com\/profile.php?id=61574959587714","article_modified_time":"2026-03-20T23:56:38+00:00","og_image":[{"width":800,"height":930,"url":"https:\/\/beiroperu.com\/tienda\/wp-content\/uploads\/2026\/03\/leica-ts07-equipo1.jpg","type":"image\/jpeg"}],"twitter_card":"summary_large_image","twitter_misc":{"Tiempo de lectura":"2 minutos"},"schema":{"@context":"https:\/\/schema.org","@graph":[{"@type":"WebPage","@id":"https:\/\/beiroperu.com\/tienda\/catalogo\/topografia\/estaciones-totales\/leica\/leica-ts07-5-r500\/","url":"https:\/\/beiroperu.com\/tienda\/catalogo\/topografia\/estaciones-totales\/leica\/leica-ts07-5-r500\/","name":"LEICA TS07-5\" R500 - Topograf\u00eda, Geolog\u00eda, Miner\u00eda y Equipamiento de Oficina","isPartOf":{"@id":"https:\/\/beiroperu.com\/tienda\/#website"},"primaryImageOfPage":{"@id":"https:\/\/beiroperu.com\/tienda\/catalogo\/topografia\/estaciones-totales\/leica\/leica-ts07-5-r500\/#primaryimage"},"image":{"@id":"https:\/\/beiroperu.com\/tienda\/catalogo\/topografia\/estaciones-totales\/leica\/leica-ts07-5-r500\/#primaryimage"},"thumbnailUrl":"https:\/\/beiroperu.com\/tienda\/wp-content\/uploads\/2026\/03\/leica-ts07-equipo1.jpg","datePublished":"2026-03-20T19:27:15+00:00","dateModified":"2026-03-20T23:56:38+00:00","breadcrumb":{"@id":"https:\/\/beiroperu.com\/tienda\/catalogo\/topografia\/estaciones-totales\/leica\/leica-ts07-5-r500\/#breadcrumb"},"inLanguage":"es","potentialAction":[{"@type":"ReadAction","target":["https:\/\/beiroperu.com\/tienda\/catalogo\/topografia\/estaciones-totales\/leica\/leica-ts07-5-r500\/"]}]},{"@type":"ImageObject","inLanguage":"es","@id":"https:\/\/beiroperu.com\/tienda\/catalogo\/topografia\/estaciones-totales\/leica\/leica-ts07-5-r500\/#primaryimage","url":"https:\/\/beiroperu.com\/tienda\/wp-content\/uploads\/2026\/03\/leica-ts07-equipo1.jpg","contentUrl":"https:\/\/beiroperu.com\/tienda\/wp-content\/uploads\/2026\/03\/leica-ts07-equipo1.jpg","width":800,"height":930},{"@type":"BreadcrumbList","@id":"https:\/\/beiroperu.com\/tienda\/catalogo\/topografia\/estaciones-totales\/leica\/leica-ts07-5-r500\/#breadcrumb","itemListElement":[{"@type":"ListItem","position":1,"name":"Portada","item":"https:\/\/beiroperu.com\/tienda\/"},{"@type":"ListItem","position":2,"name":"Shop","item":"https:\/\/beiroperu.com\/tienda\/shop\/"},{"@type":"ListItem","position":3,"name":"LEICA TS07-5&#8243; R500"}]},{"@type":"WebSite","@id":"https:\/\/beiroperu.com\/tienda\/#website","url":"https:\/\/beiroperu.com\/tienda\/","name":"Topograf\u00eda, Geolog\u00eda, Miner\u00eda y Equipamiento de Oficina","description":"Beiro Per\u00fa","publisher":{"@id":"https:\/\/beiroperu.com\/tienda\/#organization"},"alternateName":"Beiro Per\u00fa","potentialAction":[{"@type":"SearchAction","target":{"@type":"EntryPoint","urlTemplate":"https:\/\/beiroperu.com\/tienda\/?s={search_term_string}"},"query-input":{"@type":"PropertyValueSpecification","valueRequired":true,"valueName":"search_term_string"}}],"inLanguage":"es"},{"@type":"Organization","@id":"https:\/\/beiroperu.com\/tienda\/#organization","name":"Beiro","alternateName":"Beiro Per\u00fa","url":"https:\/\/beiroperu.com\/tienda\/","logo":{"@type":"ImageObject","inLanguage":"es","@id":"https:\/\/beiroperu.com\/tienda\/#\/schema\/logo\/image\/","url":"https:\/\/beiroperu.com\/tienda\/wp-content\/uploads\/2026\/03\/logo-beiro.jpeg","contentUrl":"https:\/\/beiroperu.com\/tienda\/wp-content\/uploads\/2026\/03\/logo-beiro.jpeg","width":322,"height":123,"caption":"Beiro"},"image":{"@id":"https:\/\/beiroperu.com\/tienda\/#\/schema\/logo\/image\/"},"sameAs":["https:\/\/www.facebook.com\/profile.php?id=61574959587714","https:\/\/www.instagram.com\/beiro_equipos_topograficos?igsh=cG11NHowcmp1dzFq","https:\/\/www.threads.com\/@beiro_equipos_topograficos"]}]}},"_links":{"self":[{"href":"https:\/\/beiroperu.com\/tienda\/wp-json\/wp\/v2\/product\/36917","targetHints":{"allow":["GET"]}}],"collection":[{"href":"https:\/\/beiroperu.com\/tienda\/wp-json\/wp\/v2\/product"}],"about":[{"href":"https:\/\/beiroperu.com\/tienda\/wp-json\/wp\/v2\/types\/product"}],"replies":[{"embeddable":true,"href":"https:\/\/beiroperu.com\/tienda\/wp-json\/wp\/v2\/comments?post=36917"}],"wp:featuredmedia":[{"embeddable":true,"href":"https:\/\/beiroperu.com\/tienda\/wp-json\/wp\/v2\/media\/36926"}],"wp:attachment":[{"href":"https:\/\/beiroperu.com\/tienda\/wp-json\/wp\/v2\/media?parent=36917"}],"wp:term":[{"taxonomy":"product_brand","embeddable":true,"href":"https:\/\/beiroperu.com\/tienda\/wp-json\/wp\/v2\/product_brand?post=36917"},{"taxonomy":"product_cat","embeddable":true,"href":"https:\/\/beiroperu.com\/tienda\/wp-json\/wp\/v2\/product_cat?post=36917"},{"taxonomy":"product_tag","embeddable":true,"href":"https:\/\/beiroperu.com\/tienda\/wp-json\/wp\/v2\/product_tag?post=36917"}],"curies":[{"name":"wp","href":"https:\/\/api.w.org\/{rel}","templated":true}]}}