{"id":37286,"date":"2026-03-31T08:01:42","date_gmt":"2026-03-31T13:01:42","guid":{"rendered":"https:\/\/beiroperu.com\/tienda\/?post_type=product&#038;p=37286"},"modified":"2026-03-31T08:01:42","modified_gmt":"2026-03-31T13:01:42","slug":"garmin-map-65s","status":"publish","type":"product","link":"https:\/\/beiroperu.com\/tienda\/catalogo\/topografia\/gps-navegadores\/garmin-map-65s\/","title":{"rendered":"GARMIN MAP 65S"},"content":{"rendered":"<table>\n<tbody>\n<tr>\n<td colspan=\"2\"><strong>Caracter\u00edsticas f\u00edsicas y de rendimiento<\/strong><\/td>\n<\/tr>\n<tr>\n<td>Dimensiones de la unidad (Ancho\/Alto\/Profundidad)<\/td>\n<td>2.4 \u00abx 6.3\u00bb x 1.4 \u00ab(6.1 x 16.0 x 3.6 cm)<\/td>\n<\/tr>\n<tr>\n<td>Tama\u00f1o de la pantalla (Ancho\/Alto)<\/td>\n<td>1.43 \u00abx 2.15\u00bb (3.6 x 5.5 cm); 2.6 \u00abdiag (6.6 cm)<\/td>\n<\/tr>\n<tr>\n<td>Resoluci\u00f3n de pantalla (Ancho\/Alto)<\/td>\n<td>160\u00a0x\u00a0240\u00a0p\u00edxeles<\/td>\n<\/tr>\n<tr>\n<td>Tipo de pantalla<\/td>\n<td>Transflectiva, 65K color TFT<\/td>\n<\/tr>\n<tr>\n<td>Peso<\/td>\n<td>8.1 oz (230 g) con bater\u00edas<\/td>\n<\/tr>\n<tr>\n<td>Tipo de Bater\u00eda<\/td>\n<td>2 pilas AA (no incluidas); NiMH o litio recomendado<\/td>\n<\/tr>\n<tr>\n<td>Duraci\u00f3n de la bater\u00eda<\/td>\n<td>Hasta 16 horas<\/td>\n<\/tr>\n<tr>\n<td><a href=\"http:\/\/www.garmin.com\/waterrating\">Resistencia al agua<\/a><\/td>\n<td>IPX7<\/td>\n<\/tr>\n<tr>\n<td>Receptor de alta sensibilidad<\/td>\n<td>Si<\/td>\n<\/tr>\n<tr>\n<td>Interfaz del equipo<\/td>\n<td>Compatible con mini USB de alta velocidad y NMEA 0183<\/td>\n<\/tr>\n<tr>\n<td>Memoria<\/td>\n<td>16 GB (el espacio de usuario var\u00eda seg\u00fan el mapeo incluido<\/td>\n<\/tr>\n<tr>\n<td colspan=\"2\"><strong>Mapas y memoria<\/strong><\/td>\n<\/tr>\n<tr>\n<td>Mapa base<\/td>\n<td>Si<\/td>\n<\/tr>\n<tr>\n<td>Mapas preinstalados<\/td>\n<td>Si<\/td>\n<\/tr>\n<tr>\n<td>Posibilidad de agregar mapas<\/td>\n<td>Si<\/td>\n<\/tr>\n<tr>\n<td>Creaci\u00f3n Autom\u00e1ticas de Ruta<\/td>\n<td>Si<\/td>\n<\/tr>\n<tr>\n<td>Map Segment<\/td>\n<td>3000<\/td>\n<\/tr>\n<tr>\n<td>BirdsEye<\/td>\n<td>250 BIrdsEye Imagery files<\/td>\n<\/tr>\n<tr>\n<td>Waypoints<\/td>\n<td>5000<\/td>\n<\/tr>\n<tr>\n<td>Rutas<\/td>\n<td>200 rutas, 250 puntos por ruta; 50 puntos de enrutamiento autom\u00e1tico<\/td>\n<\/tr>\n<tr>\n<td>Tracks<\/td>\n<td>200<\/td>\n<\/tr>\n<tr>\n<td colspan=\"2\"><strong>Funciones de actividades al aire libre<\/strong><\/td>\n<\/tr>\n<tr>\n<td>Navegaci\u00f3n punto a punto<\/td>\n<td>S\u00ed<\/td>\n<\/tr>\n<tr>\n<td>Compatible con BaseCamp<\/td>\n<td>S\u00ed<\/td>\n<\/tr>\n<tr>\n<td>Compatible con los mapas personalizados<\/td>\n<td>Si<\/td>\n<\/tr>\n<tr>\n<td>Calendario de caza y pesca<\/td>\n<td>Si<\/td>\n<\/tr>\n<tr>\n<td>Informaci\u00f3n astron\u00f3mica<\/td>\n<td>Si<\/td>\n<\/tr>\n<tr>\n<td>Predicci\u00f3n de mareas<\/td>\n<td>S\u00ed (con opcional BlueChart)<\/td>\n<\/tr>\n<tr>\n<td>C\u00e1lculo de \u00e1reas<\/td>\n<td>Si<\/td>\n<\/tr>\n<tr>\n<td>Visor de im\u00e1genes<\/td>\n<td>Si<\/td>\n<\/tr>\n<tr>\n<td colspan=\"2\"><strong>Garmin Connect\u2122<\/strong><\/td>\n<\/tr>\n<tr>\n<td>Compatible con Garmin Connect\u2122 (comunidad online en la que puedes analizar, clasificar y compartir datos)<\/td>\n<td>Si<\/td>\n<\/tr>\n<\/tbody>\n<\/table>\n<p><strong>Ver m\u00e1s informaci\u00f3n<\/strong>:\u00a0<img loading=\"lazy\" decoding=\"async\" src=\"https:\/\/cosola.com\/images\/logos\/Logo-PDF.png\" alt=\"Logo-PDF\" width=\"70\" height=\"70\" \/><\/p>\n","protected":false},"excerpt":{"rendered":"<table>\n<tbody>\n<tr>\n<td colspan=\"2\"><strong>Caracter\u00edsticas f\u00edsicas y de rendimiento<\/strong><\/td>\n<\/tr>\n<tr>\n<td>Dimensiones de la unidad (Ancho\/Alto\/Profundidad)<\/td>\n<td>2.4 \u00abx 6.3\u00bb x 1.4 \u00ab(6.1 x 16.0 x 3.6 cm)<\/td>\n<\/tr>\n<tr>\n<td>Tama\u00f1o de la pantalla (Ancho\/Alto)<\/td>\n<td>1.43 \u00abx 2.15\u00bb (3.6 x 5.5 cm); 2.6 \u00abdiag (6.6 cm)<\/td>\n<\/tr>\n<tr>\n<td>Resoluci\u00f3n de pantalla (Ancho\/Alto)<\/td>\n<td>160\u00a0x\u00a0240\u00a0p\u00edxeles<\/td>\n<\/tr>\n<tr>\n<td>Tipo de pantalla<\/td>\n<td>Transflectiva, 65K color TFT<\/td>\n<\/tr>\n<tr>\n<td>Peso<\/td>\n<td>8.1 oz (230 g) con bater\u00edas<\/td>\n<\/tr>\n<tr>\n<td>Tipo de Bater\u00eda<\/td>\n<td>2 pilas AA (no incluidas); NiMH o litio<\/td>\n<\/tr>\n<\/tbody>\n<\/table>\n","protected":false},"featured_media":37288,"comment_status":"closed","ping_status":"closed","template":"","meta":[],"product_brand":[102],"product_cat":[79],"product_tag":[155,146],"class_list":{"0":"post-37286","1":"product","2":"type-product","3":"status-publish","4":"has-post-thumbnail","6":"product_brand-garmin","7":"product_cat-gps-navegadores","8":"product_tag-gps-navegador","9":"product_tag-topografia","11":"first","12":"instock","13":"shipping-taxable","14":"product-type-simple"},"yoast_head":"<!-- This site is optimized with the Yoast SEO plugin v27.2 - https:\/\/yoast.com\/product\/yoast-seo-wordpress\/ -->\n<title>GARMIN MAP 65S - Topograf\u00eda, Geolog\u00eda, Miner\u00eda y Equipamiento de Oficina<\/title>\n<meta name=\"robots\" content=\"index, follow, max-snippet:-1, max-image-preview:large, max-video-preview:-1\" \/>\n<link rel=\"canonical\" href=\"https:\/\/beiroperu.com\/tienda\/catalogo\/topografia\/gps-navegadores\/garmin-map-65s\/\" \/>\n<meta property=\"og:locale\" content=\"es_ES\" \/>\n<meta property=\"og:type\" content=\"article\" \/>\n<meta property=\"og:title\" content=\"GARMIN MAP 65S - Topograf\u00eda, Geolog\u00eda, Miner\u00eda y Equipamiento de Oficina\" \/>\n<meta property=\"og:description\" content=\"Caracter\u00edsticas f\u00edsicas y de rendimiento   Dimensiones de la unidad (Ancho\/Alto\/Profundidad) 2.4 &quot;x 6.3&quot; x 1.4 &quot;(6.1 x 16.0 x 3.6 cm)   Tama\u00f1o de la pantalla (Ancho\/Alto) 1.43 &quot;x 2.15&quot; (3.6 x 5.5 cm); 2.6 &quot;diag (6.6 cm)   Resoluci\u00f3n de pantalla (Ancho\/Alto) 160\u00a0x\u00a0240\u00a0p\u00edxeles   Tipo de pantalla Transflectiva, 65K color TFT   Peso 8.1 oz (230 g) con bater\u00edas   Tipo de Bater\u00eda 2 pilas AA (no incluidas); NiMH o litio\" \/>\n<meta property=\"og:url\" content=\"https:\/\/beiroperu.com\/tienda\/catalogo\/topografia\/gps-navegadores\/garmin-map-65s\/\" \/>\n<meta property=\"og:site_name\" content=\"Topograf\u00eda, Geolog\u00eda, Miner\u00eda y Equipamiento de Oficina\" \/>\n<meta property=\"article:publisher\" content=\"https:\/\/www.facebook.com\/profile.php?id=61574959587714\" \/>\n<meta property=\"og:image\" content=\"https:\/\/beiroperu.com\/tienda\/wp-content\/uploads\/2026\/03\/garmin-map-65s-gps-navegador-1-1.jpg\" \/>\n\t<meta property=\"og:image:width\" content=\"800\" \/>\n\t<meta property=\"og:image:height\" content=\"930\" \/>\n\t<meta property=\"og:image:type\" content=\"image\/jpeg\" \/>\n<meta name=\"twitter:card\" content=\"summary_large_image\" \/>\n<meta name=\"twitter:label1\" content=\"Tiempo de lectura\" \/>\n\t<meta name=\"twitter:data1\" content=\"2 minutos\" \/>\n<script type=\"application\/ld+json\" class=\"yoast-schema-graph\">{\"@context\":\"https:\/\/schema.org\",\"@graph\":[{\"@type\":\"WebPage\",\"@id\":\"https:\/\/beiroperu.com\/tienda\/catalogo\/topografia\/gps-navegadores\/garmin-map-65s\/\",\"url\":\"https:\/\/beiroperu.com\/tienda\/catalogo\/topografia\/gps-navegadores\/garmin-map-65s\/\",\"name\":\"GARMIN MAP 65S - Topograf\u00eda, Geolog\u00eda, Miner\u00eda y Equipamiento de Oficina\",\"isPartOf\":{\"@id\":\"https:\/\/beiroperu.com\/tienda\/#website\"},\"primaryImageOfPage\":{\"@id\":\"https:\/\/beiroperu.com\/tienda\/catalogo\/topografia\/gps-navegadores\/garmin-map-65s\/#primaryimage\"},\"image\":{\"@id\":\"https:\/\/beiroperu.com\/tienda\/catalogo\/topografia\/gps-navegadores\/garmin-map-65s\/#primaryimage\"},\"thumbnailUrl\":\"https:\/\/beiroperu.com\/tienda\/wp-content\/uploads\/2026\/03\/garmin-map-65s-gps-navegador-1-1.jpg\",\"datePublished\":\"2026-03-31T13:01:42+00:00\",\"breadcrumb\":{\"@id\":\"https:\/\/beiroperu.com\/tienda\/catalogo\/topografia\/gps-navegadores\/garmin-map-65s\/#breadcrumb\"},\"inLanguage\":\"es\",\"potentialAction\":[{\"@type\":\"ReadAction\",\"target\":[\"https:\/\/beiroperu.com\/tienda\/catalogo\/topografia\/gps-navegadores\/garmin-map-65s\/\"]}]},{\"@type\":\"ImageObject\",\"inLanguage\":\"es\",\"@id\":\"https:\/\/beiroperu.com\/tienda\/catalogo\/topografia\/gps-navegadores\/garmin-map-65s\/#primaryimage\",\"url\":\"https:\/\/beiroperu.com\/tienda\/wp-content\/uploads\/2026\/03\/garmin-map-65s-gps-navegador-1-1.jpg\",\"contentUrl\":\"https:\/\/beiroperu.com\/tienda\/wp-content\/uploads\/2026\/03\/garmin-map-65s-gps-navegador-1-1.jpg\",\"width\":800,\"height\":930},{\"@type\":\"BreadcrumbList\",\"@id\":\"https:\/\/beiroperu.com\/tienda\/catalogo\/topografia\/gps-navegadores\/garmin-map-65s\/#breadcrumb\",\"itemListElement\":[{\"@type\":\"ListItem\",\"position\":1,\"name\":\"Portada\",\"item\":\"https:\/\/beiroperu.com\/tienda\/\"},{\"@type\":\"ListItem\",\"position\":2,\"name\":\"Shop\",\"item\":\"https:\/\/beiroperu.com\/tienda\/shop\/\"},{\"@type\":\"ListItem\",\"position\":3,\"name\":\"GARMIN MAP 65S\"}]},{\"@type\":\"WebSite\",\"@id\":\"https:\/\/beiroperu.com\/tienda\/#website\",\"url\":\"https:\/\/beiroperu.com\/tienda\/\",\"name\":\"Topograf\u00eda, Geolog\u00eda, Miner\u00eda y Equipamiento de Oficina\",\"description\":\"Beiro Per\u00fa\",\"publisher\":{\"@id\":\"https:\/\/beiroperu.com\/tienda\/#organization\"},\"alternateName\":\"Beiro Per\u00fa\",\"potentialAction\":[{\"@type\":\"SearchAction\",\"target\":{\"@type\":\"EntryPoint\",\"urlTemplate\":\"https:\/\/beiroperu.com\/tienda\/?s={search_term_string}\"},\"query-input\":{\"@type\":\"PropertyValueSpecification\",\"valueRequired\":true,\"valueName\":\"search_term_string\"}}],\"inLanguage\":\"es\"},{\"@type\":\"Organization\",\"@id\":\"https:\/\/beiroperu.com\/tienda\/#organization\",\"name\":\"Beiro\",\"alternateName\":\"Beiro Per\u00fa\",\"url\":\"https:\/\/beiroperu.com\/tienda\/\",\"logo\":{\"@type\":\"ImageObject\",\"inLanguage\":\"es\",\"@id\":\"https:\/\/beiroperu.com\/tienda\/#\/schema\/logo\/image\/\",\"url\":\"https:\/\/beiroperu.com\/tienda\/wp-content\/uploads\/2026\/03\/logo-beiro.jpeg\",\"contentUrl\":\"https:\/\/beiroperu.com\/tienda\/wp-content\/uploads\/2026\/03\/logo-beiro.jpeg\",\"width\":322,\"height\":123,\"caption\":\"Beiro\"},\"image\":{\"@id\":\"https:\/\/beiroperu.com\/tienda\/#\/schema\/logo\/image\/\"},\"sameAs\":[\"https:\/\/www.facebook.com\/profile.php?id=61574959587714\",\"https:\/\/www.instagram.com\/beiro_equipos_topograficos?igsh=cG11NHowcmp1dzFq\",\"https:\/\/www.threads.com\/@beiro_equipos_topograficos\"]}]}<\/script>\n<!-- \/ Yoast SEO plugin. -->","yoast_head_json":{"title":"GARMIN MAP 65S - Topograf\u00eda, Geolog\u00eda, Miner\u00eda y Equipamiento de Oficina","robots":{"index":"index","follow":"follow","max-snippet":"max-snippet:-1","max-image-preview":"max-image-preview:large","max-video-preview":"max-video-preview:-1"},"canonical":"https:\/\/beiroperu.com\/tienda\/catalogo\/topografia\/gps-navegadores\/garmin-map-65s\/","og_locale":"es_ES","og_type":"article","og_title":"GARMIN MAP 65S - Topograf\u00eda, Geolog\u00eda, Miner\u00eda y Equipamiento de Oficina","og_description":"Caracter\u00edsticas f\u00edsicas y de rendimiento   Dimensiones de la unidad (Ancho\/Alto\/Profundidad) 2.4 \"x 6.3\" x 1.4 \"(6.1 x 16.0 x 3.6 cm)   Tama\u00f1o de la pantalla (Ancho\/Alto) 1.43 \"x 2.15\" (3.6 x 5.5 cm); 2.6 \"diag (6.6 cm)   Resoluci\u00f3n de pantalla (Ancho\/Alto) 160\u00a0x\u00a0240\u00a0p\u00edxeles   Tipo de pantalla Transflectiva, 65K color TFT   Peso 8.1 oz (230 g) con bater\u00edas   Tipo de Bater\u00eda 2 pilas AA (no incluidas); NiMH o litio","og_url":"https:\/\/beiroperu.com\/tienda\/catalogo\/topografia\/gps-navegadores\/garmin-map-65s\/","og_site_name":"Topograf\u00eda, Geolog\u00eda, Miner\u00eda y Equipamiento de Oficina","article_publisher":"https:\/\/www.facebook.com\/profile.php?id=61574959587714","og_image":[{"width":800,"height":930,"url":"https:\/\/beiroperu.com\/tienda\/wp-content\/uploads\/2026\/03\/garmin-map-65s-gps-navegador-1-1.jpg","type":"image\/jpeg"}],"twitter_card":"summary_large_image","twitter_misc":{"Tiempo de lectura":"2 minutos"},"schema":{"@context":"https:\/\/schema.org","@graph":[{"@type":"WebPage","@id":"https:\/\/beiroperu.com\/tienda\/catalogo\/topografia\/gps-navegadores\/garmin-map-65s\/","url":"https:\/\/beiroperu.com\/tienda\/catalogo\/topografia\/gps-navegadores\/garmin-map-65s\/","name":"GARMIN MAP 65S - Topograf\u00eda, Geolog\u00eda, Miner\u00eda y Equipamiento de Oficina","isPartOf":{"@id":"https:\/\/beiroperu.com\/tienda\/#website"},"primaryImageOfPage":{"@id":"https:\/\/beiroperu.com\/tienda\/catalogo\/topografia\/gps-navegadores\/garmin-map-65s\/#primaryimage"},"image":{"@id":"https:\/\/beiroperu.com\/tienda\/catalogo\/topografia\/gps-navegadores\/garmin-map-65s\/#primaryimage"},"thumbnailUrl":"https:\/\/beiroperu.com\/tienda\/wp-content\/uploads\/2026\/03\/garmin-map-65s-gps-navegador-1-1.jpg","datePublished":"2026-03-31T13:01:42+00:00","breadcrumb":{"@id":"https:\/\/beiroperu.com\/tienda\/catalogo\/topografia\/gps-navegadores\/garmin-map-65s\/#breadcrumb"},"inLanguage":"es","potentialAction":[{"@type":"ReadAction","target":["https:\/\/beiroperu.com\/tienda\/catalogo\/topografia\/gps-navegadores\/garmin-map-65s\/"]}]},{"@type":"ImageObject","inLanguage":"es","@id":"https:\/\/beiroperu.com\/tienda\/catalogo\/topografia\/gps-navegadores\/garmin-map-65s\/#primaryimage","url":"https:\/\/beiroperu.com\/tienda\/wp-content\/uploads\/2026\/03\/garmin-map-65s-gps-navegador-1-1.jpg","contentUrl":"https:\/\/beiroperu.com\/tienda\/wp-content\/uploads\/2026\/03\/garmin-map-65s-gps-navegador-1-1.jpg","width":800,"height":930},{"@type":"BreadcrumbList","@id":"https:\/\/beiroperu.com\/tienda\/catalogo\/topografia\/gps-navegadores\/garmin-map-65s\/#breadcrumb","itemListElement":[{"@type":"ListItem","position":1,"name":"Portada","item":"https:\/\/beiroperu.com\/tienda\/"},{"@type":"ListItem","position":2,"name":"Shop","item":"https:\/\/beiroperu.com\/tienda\/shop\/"},{"@type":"ListItem","position":3,"name":"GARMIN MAP 65S"}]},{"@type":"WebSite","@id":"https:\/\/beiroperu.com\/tienda\/#website","url":"https:\/\/beiroperu.com\/tienda\/","name":"Topograf\u00eda, Geolog\u00eda, Miner\u00eda y Equipamiento de Oficina","description":"Beiro Per\u00fa","publisher":{"@id":"https:\/\/beiroperu.com\/tienda\/#organization"},"alternateName":"Beiro Per\u00fa","potentialAction":[{"@type":"SearchAction","target":{"@type":"EntryPoint","urlTemplate":"https:\/\/beiroperu.com\/tienda\/?s={search_term_string}"},"query-input":{"@type":"PropertyValueSpecification","valueRequired":true,"valueName":"search_term_string"}}],"inLanguage":"es"},{"@type":"Organization","@id":"https:\/\/beiroperu.com\/tienda\/#organization","name":"Beiro","alternateName":"Beiro Per\u00fa","url":"https:\/\/beiroperu.com\/tienda\/","logo":{"@type":"ImageObject","inLanguage":"es","@id":"https:\/\/beiroperu.com\/tienda\/#\/schema\/logo\/image\/","url":"https:\/\/beiroperu.com\/tienda\/wp-content\/uploads\/2026\/03\/logo-beiro.jpeg","contentUrl":"https:\/\/beiroperu.com\/tienda\/wp-content\/uploads\/2026\/03\/logo-beiro.jpeg","width":322,"height":123,"caption":"Beiro"},"image":{"@id":"https:\/\/beiroperu.com\/tienda\/#\/schema\/logo\/image\/"},"sameAs":["https:\/\/www.facebook.com\/profile.php?id=61574959587714","https:\/\/www.instagram.com\/beiro_equipos_topograficos?igsh=cG11NHowcmp1dzFq","https:\/\/www.threads.com\/@beiro_equipos_topograficos"]}]}},"_links":{"self":[{"href":"https:\/\/beiroperu.com\/tienda\/wp-json\/wp\/v2\/product\/37286","targetHints":{"allow":["GET"]}}],"collection":[{"href":"https:\/\/beiroperu.com\/tienda\/wp-json\/wp\/v2\/product"}],"about":[{"href":"https:\/\/beiroperu.com\/tienda\/wp-json\/wp\/v2\/types\/product"}],"replies":[{"embeddable":true,"href":"https:\/\/beiroperu.com\/tienda\/wp-json\/wp\/v2\/comments?post=37286"}],"wp:featuredmedia":[{"embeddable":true,"href":"https:\/\/beiroperu.com\/tienda\/wp-json\/wp\/v2\/media\/37288"}],"wp:attachment":[{"href":"https:\/\/beiroperu.com\/tienda\/wp-json\/wp\/v2\/media?parent=37286"}],"wp:term":[{"taxonomy":"product_brand","embeddable":true,"href":"https:\/\/beiroperu.com\/tienda\/wp-json\/wp\/v2\/product_brand?post=37286"},{"taxonomy":"product_cat","embeddable":true,"href":"https:\/\/beiroperu.com\/tienda\/wp-json\/wp\/v2\/product_cat?post=37286"},{"taxonomy":"product_tag","embeddable":true,"href":"https:\/\/beiroperu.com\/tienda\/wp-json\/wp\/v2\/product_tag?post=37286"}],"curies":[{"name":"wp","href":"https:\/\/api.w.org\/{rel}","templated":true}]}}