{"id":37301,"date":"2026-03-31T11:07:03","date_gmt":"2026-03-31T16:07:03","guid":{"rendered":"https:\/\/beiroperu.com\/tienda\/?post_type=product&#038;p=37301"},"modified":"2026-03-31T11:07:03","modified_gmt":"2026-03-31T16:07:03","slug":"etrex-touch-35","status":"publish","type":"product","link":"https:\/\/beiroperu.com\/tienda\/catalogo\/topografia\/gps-navegadores\/etrex-touch-35\/","title":{"rendered":"ETREX TOUCH 35"},"content":{"rendered":"<p>El GPS\u00a0<img loading=\"lazy\" decoding=\"async\" src=\"https:\/\/cosola.com\/images\/logos\/garmin-logo.png\" alt=\"garmin-logo\" width=\"95\" height=\"28\" \/><strong>eTrex Touch 35<\/strong>\u00a0es la nueva incorporaci\u00f3n de la gama de navegadores para actividades al aire libre y aventuras alpinas, ideal para todo aquel que le guste zambullirse en los mejores espacios al aire libre, desde ciclistas ocasionales y excursionistas, a novatos del geocaching y senderistas.<\/p>\n<p>eTrex ha sido la serie de GPS con fines de ocio m\u00e1s popular y con m\u00e1s \u00e9xito de los \u00faltimos 15 a\u00f1os. eTrex Touch 35 es \u00faltimo modelo, m\u00e1s r\u00e1pido y c\u00f3modo de usar que nunca.<\/p>\n<p>Con un alt\u00edmetro adicional, tambi\u00e9n se puede utilizar para actividades alpinas como monta\u00f1ismo o ciclismo de monta\u00f1a.<\/p>\n<p><strong>ESPECIFICACIONES TECNICAS:<\/strong><\/p>\n<table border=\"0\" cellspacing=\"0\" cellpadding=\"0\">\n<tbody>\n<tr>\n<td>Dimensiones de la unidad (Ancho\/Alto\/Profundidad)<\/td>\n<td>5,8 x 10,2 x 3,3 cm<\/td>\n<\/tr>\n<tr>\n<td>Tama\u00f1o de pantalla (Ancho x Alto)<\/td>\n<td>3,6 x 5,5 cm<\/td>\n<\/tr>\n<tr>\n<td>Resoluci\u00f3n de pantalla (Ancho x Alto)<\/td>\n<td>160 x 240 p\u00edxeles<\/td>\n<\/tr>\n<tr>\n<td>Tipo de pantalla<\/td>\n<td>TFT de 2,6<\/td>\n<\/tr>\n<tr>\n<td>Pantalla t\u00e1ctil<\/td>\n<td>SI<\/td>\n<\/tr>\n<tr>\n<td>Peso del equipo (con bater\u00edas de ser el caso)<\/td>\n<td>159 g con pilas<\/td>\n<\/tr>\n<tr>\n<td>Bater\u00edas<\/td>\n<td>2 pilas AA (no incluidas); se recomienda \u00a0\u00a0\u00a0\u00a0\u00a0\u00a0NiMH o litio<\/td>\n<\/tr>\n<tr>\n<td>Duraci\u00f3n de la bater\u00eda<\/td>\n<td>Hasta 16 horas<\/td>\n<\/tr>\n<tr>\n<td>Impermeabilidad<\/td>\n<td>IPX7<\/td>\n<\/tr>\n<tr>\n<td>Receptor de Alta Sensibilidad<\/td>\n<td>SI<\/td>\n<\/tr>\n<tr>\n<td>Interfaz<\/td>\n<td>USB<\/td>\n<\/tr>\n<tr>\n<td>Alt\u00edmetro barom\u00e9trico<\/td>\n<td>SI<\/td>\n<\/tr>\n<tr>\n<td colspan=\"2\"><strong>Mapas y memorias<\/strong><\/td>\n<\/tr>\n<tr>\n<td>Mapa base mundial<\/td>\n<td>SI<\/td>\n<\/tr>\n<tr>\n<td>Mapa precargado<\/td>\n<td>G MAP PERU TOPO NAVMAP<\/td>\n<\/tr>\n<tr>\n<td>Capacidad de a\u00f1adir mapas<\/td>\n<td>SI<\/td>\n<\/tr>\n<tr>\n<td>Memoria interna<\/td>\n<td>8 GB<\/td>\n<\/tr>\n<tr>\n<td>Admite tarjetas de datos<\/td>\n<td>Tarjeta microSD\u2122 (no incluida)<\/td>\n<\/tr>\n<tr>\n<td>Puntos (Waypoints)<\/td>\n<td>4000<\/td>\n<\/tr>\n<tr>\n<td>Rutas<\/td>\n<td>200<\/td>\n<\/tr>\n<tr>\n<td>Caminos (Tracks)<\/td>\n<td>10.000 puntos, 200 tracks guardados<\/td>\n<\/tr>\n<tr>\n<td colspan=\"2\"><strong>Adicional<\/strong><\/td>\n<\/tr>\n<tr>\n<td>Auto-enrutamiento (rutas giro a giro en v\u00edas urbanas)<\/td>\n<td>S\u00ed (con mapas opcionales con informaci\u00f3n detallada de las carreteras)<\/td>\n<\/tr>\n<tr>\n<td>Comp\u00e1s electr\u00f3nico<\/td>\n<td>SI<\/td>\n<\/tr>\n<tr>\n<td>Alt\u00f3metro barom\u00e9trico<\/td>\n<td>SI<\/td>\n<\/tr>\n<tr>\n<td>Amigable con Geocaching<\/td>\n<td>S\u00ed (paperless)<\/td>\n<\/tr>\n<tr>\n<td>Informaci\u00f3n de sol y luna<\/td>\n<td>S\u00ed<\/td>\n<\/tr>\n<tr>\n<td>C\u00e1lculo de \u00e1rea<\/td>\n<td>S\u00ed<\/td>\n<\/tr>\n<tr>\n<td>Visor de im\u00e1genes<\/td>\n<td>S\u00ed<\/td>\n<\/tr>\n<tr>\n<td colspan=\"2\"><strong>Funciones de Seguimiento en vivo de la actividad<\/strong><\/td>\n<\/tr>\n<tr>\n<td>Visor de im\u00e1genes<\/td>\n<td>S\u00ed<\/td>\n<\/tr>\n<tr>\n<td colspan=\"2\"><strong>Caracter\u00edsticas Adicionales<\/strong><\/td>\n<\/tr>\n<tr>\n<td colspan=\"2\">Notificaciones inteligentes: s\u00ed<\/td>\n<\/tr>\n<tr>\n<td colspan=\"2\">Rastreo en tiempo real: s\u00ed<\/td>\n<\/tr>\n<\/tbody>\n<\/table>\n<p><strong>Ver m\u00e1s informaci\u00f3n:<\/strong>\u00a0<a href=\"http:\/\/static.garmin.com\/pumac\/eTrex_Touch_25-35_OM_ES.pdf\"><img loading=\"lazy\" decoding=\"async\" src=\"https:\/\/cosola.com\/images\/logos\/Logo-PDF.png\" alt=\"Logo-PDF\" width=\"70\" height=\"70\" \/><\/a><\/p>\n","protected":false},"excerpt":{"rendered":"<p>El GPS\u00a0<img loading=\"lazy\" decoding=\"async\" src=\"https:\/\/cosola.com\/images\/logos\/garmin-logo.png\" alt=\"garmin-logo\" width=\"95\" height=\"28\" \/><strong>eTrex Touch 35<\/strong>\u00a0es la nueva incorporaci\u00f3n de la gama de navegadores para actividades al aire libre y aventuras alpinas, ideal para todo aquel que le guste zambullirse en los mejores espacios al aire libre, desde ciclistas ocasionales y excursionistas, a novatos del geocaching y senderistas.<\/p>\n","protected":false},"featured_media":37302,"comment_status":"closed","ping_status":"closed","template":"","meta":[],"product_brand":[102],"product_cat":[79],"product_tag":[155,146],"class_list":{"0":"post-37301","1":"product","2":"type-product","3":"status-publish","4":"has-post-thumbnail","6":"product_brand-garmin","7":"product_cat-gps-navegadores","8":"product_tag-gps-navegador","9":"product_tag-topografia","11":"first","12":"instock","13":"shipping-taxable","14":"product-type-simple"},"yoast_head":"<!-- This site is optimized with the Yoast SEO plugin v27.2 - https:\/\/yoast.com\/product\/yoast-seo-wordpress\/ -->\n<title>ETREX TOUCH 35 - Topograf\u00eda, Geolog\u00eda, Miner\u00eda y Equipamiento de Oficina<\/title>\n<meta name=\"robots\" content=\"index, follow, max-snippet:-1, max-image-preview:large, max-video-preview:-1\" \/>\n<link rel=\"canonical\" href=\"https:\/\/beiroperu.com\/tienda\/catalogo\/topografia\/gps-navegadores\/etrex-touch-35\/\" \/>\n<meta property=\"og:locale\" content=\"es_ES\" \/>\n<meta property=\"og:type\" content=\"article\" \/>\n<meta property=\"og:title\" content=\"ETREX TOUCH 35 - Topograf\u00eda, Geolog\u00eda, Miner\u00eda y Equipamiento de Oficina\" \/>\n<meta property=\"og:description\" content=\"El GPS\u00a0eTrex Touch 35\u00a0es la nueva incorporaci\u00f3n de la gama de navegadores para actividades al aire libre y aventuras alpinas, ideal para todo aquel que le guste zambullirse en los mejores espacios al aire libre, desde ciclistas ocasionales y excursionistas, a novatos del geocaching y senderistas.\" \/>\n<meta property=\"og:url\" content=\"https:\/\/beiroperu.com\/tienda\/catalogo\/topografia\/gps-navegadores\/etrex-touch-35\/\" \/>\n<meta property=\"og:site_name\" content=\"Topograf\u00eda, Geolog\u00eda, Miner\u00eda y Equipamiento de Oficina\" \/>\n<meta property=\"article:publisher\" content=\"https:\/\/www.facebook.com\/profile.php?id=61574959587714\" \/>\n<meta property=\"og:image\" content=\"https:\/\/beiroperu.com\/tienda\/wp-content\/uploads\/2026\/03\/garmin-etrex-touch-35-gps-navegador-1.jpg\" \/>\n\t<meta property=\"og:image:width\" content=\"800\" \/>\n\t<meta property=\"og:image:height\" content=\"930\" \/>\n\t<meta property=\"og:image:type\" content=\"image\/jpeg\" \/>\n<meta name=\"twitter:card\" content=\"summary_large_image\" \/>\n<meta name=\"twitter:label1\" content=\"Tiempo de lectura\" \/>\n\t<meta name=\"twitter:data1\" content=\"2 minutos\" \/>\n<script type=\"application\/ld+json\" class=\"yoast-schema-graph\">{\"@context\":\"https:\/\/schema.org\",\"@graph\":[{\"@type\":\"WebPage\",\"@id\":\"https:\/\/beiroperu.com\/tienda\/catalogo\/topografia\/gps-navegadores\/etrex-touch-35\/\",\"url\":\"https:\/\/beiroperu.com\/tienda\/catalogo\/topografia\/gps-navegadores\/etrex-touch-35\/\",\"name\":\"ETREX TOUCH 35 - Topograf\u00eda, Geolog\u00eda, Miner\u00eda y Equipamiento de Oficina\",\"isPartOf\":{\"@id\":\"https:\/\/beiroperu.com\/tienda\/#website\"},\"primaryImageOfPage\":{\"@id\":\"https:\/\/beiroperu.com\/tienda\/catalogo\/topografia\/gps-navegadores\/etrex-touch-35\/#primaryimage\"},\"image\":{\"@id\":\"https:\/\/beiroperu.com\/tienda\/catalogo\/topografia\/gps-navegadores\/etrex-touch-35\/#primaryimage\"},\"thumbnailUrl\":\"https:\/\/beiroperu.com\/tienda\/wp-content\/uploads\/2026\/03\/garmin-etrex-touch-35-gps-navegador-1.jpg\",\"datePublished\":\"2026-03-31T16:07:03+00:00\",\"breadcrumb\":{\"@id\":\"https:\/\/beiroperu.com\/tienda\/catalogo\/topografia\/gps-navegadores\/etrex-touch-35\/#breadcrumb\"},\"inLanguage\":\"es\",\"potentialAction\":[{\"@type\":\"ReadAction\",\"target\":[\"https:\/\/beiroperu.com\/tienda\/catalogo\/topografia\/gps-navegadores\/etrex-touch-35\/\"]}]},{\"@type\":\"ImageObject\",\"inLanguage\":\"es\",\"@id\":\"https:\/\/beiroperu.com\/tienda\/catalogo\/topografia\/gps-navegadores\/etrex-touch-35\/#primaryimage\",\"url\":\"https:\/\/beiroperu.com\/tienda\/wp-content\/uploads\/2026\/03\/garmin-etrex-touch-35-gps-navegador-1.jpg\",\"contentUrl\":\"https:\/\/beiroperu.com\/tienda\/wp-content\/uploads\/2026\/03\/garmin-etrex-touch-35-gps-navegador-1.jpg\",\"width\":800,\"height\":930},{\"@type\":\"BreadcrumbList\",\"@id\":\"https:\/\/beiroperu.com\/tienda\/catalogo\/topografia\/gps-navegadores\/etrex-touch-35\/#breadcrumb\",\"itemListElement\":[{\"@type\":\"ListItem\",\"position\":1,\"name\":\"Portada\",\"item\":\"https:\/\/beiroperu.com\/tienda\/\"},{\"@type\":\"ListItem\",\"position\":2,\"name\":\"Shop\",\"item\":\"https:\/\/beiroperu.com\/tienda\/shop\/\"},{\"@type\":\"ListItem\",\"position\":3,\"name\":\"ETREX TOUCH 35\"}]},{\"@type\":\"WebSite\",\"@id\":\"https:\/\/beiroperu.com\/tienda\/#website\",\"url\":\"https:\/\/beiroperu.com\/tienda\/\",\"name\":\"Topograf\u00eda, Geolog\u00eda, Miner\u00eda y Equipamiento de Oficina\",\"description\":\"Beiro Per\u00fa\",\"publisher\":{\"@id\":\"https:\/\/beiroperu.com\/tienda\/#organization\"},\"alternateName\":\"Beiro Per\u00fa\",\"potentialAction\":[{\"@type\":\"SearchAction\",\"target\":{\"@type\":\"EntryPoint\",\"urlTemplate\":\"https:\/\/beiroperu.com\/tienda\/?s={search_term_string}\"},\"query-input\":{\"@type\":\"PropertyValueSpecification\",\"valueRequired\":true,\"valueName\":\"search_term_string\"}}],\"inLanguage\":\"es\"},{\"@type\":\"Organization\",\"@id\":\"https:\/\/beiroperu.com\/tienda\/#organization\",\"name\":\"Beiro\",\"alternateName\":\"Beiro Per\u00fa\",\"url\":\"https:\/\/beiroperu.com\/tienda\/\",\"logo\":{\"@type\":\"ImageObject\",\"inLanguage\":\"es\",\"@id\":\"https:\/\/beiroperu.com\/tienda\/#\/schema\/logo\/image\/\",\"url\":\"https:\/\/beiroperu.com\/tienda\/wp-content\/uploads\/2026\/03\/logo-beiro.jpeg\",\"contentUrl\":\"https:\/\/beiroperu.com\/tienda\/wp-content\/uploads\/2026\/03\/logo-beiro.jpeg\",\"width\":322,\"height\":123,\"caption\":\"Beiro\"},\"image\":{\"@id\":\"https:\/\/beiroperu.com\/tienda\/#\/schema\/logo\/image\/\"},\"sameAs\":[\"https:\/\/www.facebook.com\/profile.php?id=61574959587714\",\"https:\/\/www.instagram.com\/beiro_equipos_topograficos?igsh=cG11NHowcmp1dzFq\",\"https:\/\/www.threads.com\/@beiro_equipos_topograficos\"]}]}<\/script>\n<!-- \/ Yoast SEO plugin. -->","yoast_head_json":{"title":"ETREX TOUCH 35 - Topograf\u00eda, Geolog\u00eda, Miner\u00eda y Equipamiento de Oficina","robots":{"index":"index","follow":"follow","max-snippet":"max-snippet:-1","max-image-preview":"max-image-preview:large","max-video-preview":"max-video-preview:-1"},"canonical":"https:\/\/beiroperu.com\/tienda\/catalogo\/topografia\/gps-navegadores\/etrex-touch-35\/","og_locale":"es_ES","og_type":"article","og_title":"ETREX TOUCH 35 - Topograf\u00eda, Geolog\u00eda, Miner\u00eda y Equipamiento de Oficina","og_description":"El GPS\u00a0eTrex Touch 35\u00a0es la nueva incorporaci\u00f3n de la gama de navegadores para actividades al aire libre y aventuras alpinas, ideal para todo aquel que le guste zambullirse en los mejores espacios al aire libre, desde ciclistas ocasionales y excursionistas, a novatos del geocaching y senderistas.","og_url":"https:\/\/beiroperu.com\/tienda\/catalogo\/topografia\/gps-navegadores\/etrex-touch-35\/","og_site_name":"Topograf\u00eda, Geolog\u00eda, Miner\u00eda y Equipamiento de Oficina","article_publisher":"https:\/\/www.facebook.com\/profile.php?id=61574959587714","og_image":[{"width":800,"height":930,"url":"https:\/\/beiroperu.com\/tienda\/wp-content\/uploads\/2026\/03\/garmin-etrex-touch-35-gps-navegador-1.jpg","type":"image\/jpeg"}],"twitter_card":"summary_large_image","twitter_misc":{"Tiempo de lectura":"2 minutos"},"schema":{"@context":"https:\/\/schema.org","@graph":[{"@type":"WebPage","@id":"https:\/\/beiroperu.com\/tienda\/catalogo\/topografia\/gps-navegadores\/etrex-touch-35\/","url":"https:\/\/beiroperu.com\/tienda\/catalogo\/topografia\/gps-navegadores\/etrex-touch-35\/","name":"ETREX TOUCH 35 - Topograf\u00eda, Geolog\u00eda, Miner\u00eda y Equipamiento de Oficina","isPartOf":{"@id":"https:\/\/beiroperu.com\/tienda\/#website"},"primaryImageOfPage":{"@id":"https:\/\/beiroperu.com\/tienda\/catalogo\/topografia\/gps-navegadores\/etrex-touch-35\/#primaryimage"},"image":{"@id":"https:\/\/beiroperu.com\/tienda\/catalogo\/topografia\/gps-navegadores\/etrex-touch-35\/#primaryimage"},"thumbnailUrl":"https:\/\/beiroperu.com\/tienda\/wp-content\/uploads\/2026\/03\/garmin-etrex-touch-35-gps-navegador-1.jpg","datePublished":"2026-03-31T16:07:03+00:00","breadcrumb":{"@id":"https:\/\/beiroperu.com\/tienda\/catalogo\/topografia\/gps-navegadores\/etrex-touch-35\/#breadcrumb"},"inLanguage":"es","potentialAction":[{"@type":"ReadAction","target":["https:\/\/beiroperu.com\/tienda\/catalogo\/topografia\/gps-navegadores\/etrex-touch-35\/"]}]},{"@type":"ImageObject","inLanguage":"es","@id":"https:\/\/beiroperu.com\/tienda\/catalogo\/topografia\/gps-navegadores\/etrex-touch-35\/#primaryimage","url":"https:\/\/beiroperu.com\/tienda\/wp-content\/uploads\/2026\/03\/garmin-etrex-touch-35-gps-navegador-1.jpg","contentUrl":"https:\/\/beiroperu.com\/tienda\/wp-content\/uploads\/2026\/03\/garmin-etrex-touch-35-gps-navegador-1.jpg","width":800,"height":930},{"@type":"BreadcrumbList","@id":"https:\/\/beiroperu.com\/tienda\/catalogo\/topografia\/gps-navegadores\/etrex-touch-35\/#breadcrumb","itemListElement":[{"@type":"ListItem","position":1,"name":"Portada","item":"https:\/\/beiroperu.com\/tienda\/"},{"@type":"ListItem","position":2,"name":"Shop","item":"https:\/\/beiroperu.com\/tienda\/shop\/"},{"@type":"ListItem","position":3,"name":"ETREX TOUCH 35"}]},{"@type":"WebSite","@id":"https:\/\/beiroperu.com\/tienda\/#website","url":"https:\/\/beiroperu.com\/tienda\/","name":"Topograf\u00eda, Geolog\u00eda, Miner\u00eda y Equipamiento de Oficina","description":"Beiro Per\u00fa","publisher":{"@id":"https:\/\/beiroperu.com\/tienda\/#organization"},"alternateName":"Beiro Per\u00fa","potentialAction":[{"@type":"SearchAction","target":{"@type":"EntryPoint","urlTemplate":"https:\/\/beiroperu.com\/tienda\/?s={search_term_string}"},"query-input":{"@type":"PropertyValueSpecification","valueRequired":true,"valueName":"search_term_string"}}],"inLanguage":"es"},{"@type":"Organization","@id":"https:\/\/beiroperu.com\/tienda\/#organization","name":"Beiro","alternateName":"Beiro Per\u00fa","url":"https:\/\/beiroperu.com\/tienda\/","logo":{"@type":"ImageObject","inLanguage":"es","@id":"https:\/\/beiroperu.com\/tienda\/#\/schema\/logo\/image\/","url":"https:\/\/beiroperu.com\/tienda\/wp-content\/uploads\/2026\/03\/logo-beiro.jpeg","contentUrl":"https:\/\/beiroperu.com\/tienda\/wp-content\/uploads\/2026\/03\/logo-beiro.jpeg","width":322,"height":123,"caption":"Beiro"},"image":{"@id":"https:\/\/beiroperu.com\/tienda\/#\/schema\/logo\/image\/"},"sameAs":["https:\/\/www.facebook.com\/profile.php?id=61574959587714","https:\/\/www.instagram.com\/beiro_equipos_topograficos?igsh=cG11NHowcmp1dzFq","https:\/\/www.threads.com\/@beiro_equipos_topograficos"]}]}},"_links":{"self":[{"href":"https:\/\/beiroperu.com\/tienda\/wp-json\/wp\/v2\/product\/37301","targetHints":{"allow":["GET"]}}],"collection":[{"href":"https:\/\/beiroperu.com\/tienda\/wp-json\/wp\/v2\/product"}],"about":[{"href":"https:\/\/beiroperu.com\/tienda\/wp-json\/wp\/v2\/types\/product"}],"replies":[{"embeddable":true,"href":"https:\/\/beiroperu.com\/tienda\/wp-json\/wp\/v2\/comments?post=37301"}],"wp:featuredmedia":[{"embeddable":true,"href":"https:\/\/beiroperu.com\/tienda\/wp-json\/wp\/v2\/media\/37302"}],"wp:attachment":[{"href":"https:\/\/beiroperu.com\/tienda\/wp-json\/wp\/v2\/media?parent=37301"}],"wp:term":[{"taxonomy":"product_brand","embeddable":true,"href":"https:\/\/beiroperu.com\/tienda\/wp-json\/wp\/v2\/product_brand?post=37301"},{"taxonomy":"product_cat","embeddable":true,"href":"https:\/\/beiroperu.com\/tienda\/wp-json\/wp\/v2\/product_cat?post=37301"},{"taxonomy":"product_tag","embeddable":true,"href":"https:\/\/beiroperu.com\/tienda\/wp-json\/wp\/v2\/product_tag?post=37301"}],"curies":[{"name":"wp","href":"https:\/\/api.w.org\/{rel}","templated":true}]}}