{"id":37305,"date":"2026-03-31T11:17:18","date_gmt":"2026-03-31T16:17:18","guid":{"rendered":"https:\/\/beiroperu.com\/tienda\/?post_type=product&#038;p=37305"},"modified":"2026-03-31T11:17:18","modified_gmt":"2026-03-31T16:17:18","slug":"gps-garmin-gps-map-79s","status":"publish","type":"product","link":"https:\/\/beiroperu.com\/tienda\/catalogo\/topografia\/gps-navegadores\/gps-garmin-gps-map-79s\/","title":{"rendered":"GPS GARMIN GPS MAP\u00ae 79s"},"content":{"rendered":"<p>Mant\u00e9n el rumbo y realiza un seguimiento de m\u00e1s aventuras con estas robustas computadoras de mano flotantes.<\/p>\n<p>Este equipo puede recordar hasta 10,000 waypoints y m\u00e1s, por lo que no es necesario que lo haga usted.<\/p>\n<p>La br\u00fajula incorporada le indicar\u00e1 la direcci\u00f3n correcta.<\/p>\n<p>Obt\u00e9n lo mejor de los datos de Garmin y Navionics \u00ae con las cartas costeras BlueChart \u00ae g3 opcionales.<\/p>\n<p>Permanezca fuera m\u00e1s tiempo con hasta 19 horas de duraci\u00f3n de la bater\u00eda en modo<\/p>\n<table>\n<tbody>\n<tr>\n<td colspan=\"2\">\n<h3>GENERAL<\/h3>\n<\/td>\n<\/tr>\n<tr>\n<td>Dimensiones de la unidad<\/td>\n<td>2,67 pulgadas x 6,85 pulgadas x 1,67 pulgadas (6,77 x 17,40 x 4,23 cm)<\/td>\n<\/tr>\n<tr>\n<td>Tama\u00f1o de la pantalla<\/td>\n<td>1,5 \u00abde ancho x 2,5\u00bb de alto (3,8 x 6,3 cm); 3 \u00aben diagonal (7,6 cm)<\/td>\n<\/tr>\n<tr>\n<td>Resoluci\u00f3n de pantalla<\/td>\n<td>240 x 400 p\u00edxeles<\/td>\n<\/tr>\n<tr>\n<td>Tipo de pantalla<\/td>\n<td>transflectiva, 65K color TFT<\/td>\n<\/tr>\n<tr>\n<td>Peso<\/td>\n<td>9,95 oz (282 g) con pilas<\/td>\n<\/tr>\n<tr>\n<td>Tipo de bateria<\/td>\n<td>2 pilas AA (no incluidas); Se recomienda NiMH o litio<\/td>\n<\/tr>\n<tr>\n<td>Duracion de la bateria<\/td>\n<td>hasta 19 horas<\/td>\n<\/tr>\n<tr>\n<td>Resistencia al agua<\/td>\n<td>IPX7<\/td>\n<\/tr>\n<tr>\n<td>Receptor de alta sensibilidad<\/td>\n<td>si<\/td>\n<\/tr>\n<tr>\n<td>Interfaz<\/td>\n<td>compatible con microUSB de alta velocidad y NMEA 0183<\/td>\n<\/tr>\n<tr>\n<td>Memoria \/ historia<\/td>\n<td>8 GB (el espacio de usuario var\u00eda seg\u00fan el mapeo incluido en la versi\u00f3n sc)<\/td>\n<\/tr>\n<tr>\n<td>Mil-std-810<\/td>\n<td>s\u00ed (t\u00e9rmico, choque, agua); solo unidad desnuda<\/td>\n<\/tr>\n<\/tbody>\n<\/table>\n<table>\n<tbody>\n<tr>\n<td colspan=\"2\">\n<h3>MAPAS Y MEMORIA<\/h3>\n<\/td>\n<\/tr>\n<tr>\n<td>Mapas preinstalados<\/td>\n<td>Disponible solo en la versi\u00f3n sc<\/td>\n<\/tr>\n<tr>\n<td>Posibilidad de agregar mapas<\/td>\n<td>si<\/td>\n<\/tr>\n<tr>\n<td>Mapa base<\/td>\n<td>si<\/td>\n<\/tr>\n<tr>\n<td>Creaci\u00f3n autom\u00e1tica de rutas<\/td>\n<td>S\u00ed (con mapeo opcional para carreteras detalladas)<\/td>\n<\/tr>\n<tr>\n<td>Map segments<\/td>\n<td>15000<\/td>\n<\/tr>\n<tr>\n<td>Includes detailed hydrographic features<\/td>\n<td>S\u00ed (descargable desde Garmin Express \u2122)<\/td>\n<\/tr>\n<tr>\n<td>Includes searchable points of interests<\/td>\n<td>S\u00ed (descargable desde Garmin Express \u2122)<\/td>\n<\/tr>\n<tr>\n<td>Displays national, state and local parks, forests, and wilderness areas<\/td>\n<td>S\u00ed (descargable desde Garmin Express \u2122)<\/td>\n<\/tr>\n<tr>\n<td>Almacenamiento<\/td>\n<td>s\u00ed (tarjeta microSD \u2122 de 32 GB como m\u00e1ximo, no incluida)<\/td>\n<\/tr>\n<tr>\n<td>Waypoints<\/td>\n<td>10000<\/td>\n<\/tr>\n<tr>\n<td>Tracks<\/td>\n<td>250<\/td>\n<\/tr>\n<tr>\n<td>Rutas<\/td>\n<td>250, 250 puntos por ruta; 50 puntos de enrutamiento autom\u00e1tico<\/td>\n<\/tr>\n<tr>\n<td>Registro de rinex<\/td>\n<td><\/td>\n<\/tr>\n<tr>\n<td>Registro de trayecto<\/td>\n<td>20.000 puntos, 250 pistas gpx guardadas, 300 actividades de ajuste guardadas<\/td>\n<\/tr>\n<\/tbody>\n<\/table>\n<table>\n<tbody>\n<tr>\n<td colspan=\"2\">\n<h3>SENSORES<\/h3>\n<\/td>\n<\/tr>\n<tr>\n<td>GPS<\/td>\n<td>si<\/td>\n<\/tr>\n<tr>\n<td>GLONASS<\/td>\n<td>si<\/td>\n<\/tr>\n<tr>\n<td>GALILEO<\/td>\n<td>si<\/td>\n<\/tr>\n<tr>\n<td>Br\u00fajula<\/td>\n<td>S\u00ed (3 ejes con compensaci\u00f3n de inclinaci\u00f3n)<\/td>\n<\/tr>\n<tr>\n<td>QZSS<\/td>\n<td>si<\/td>\n<\/tr>\n<tr>\n<td>Br\u00fajula gps (mientras se mueve)<\/td>\n<td>si<\/td>\n<\/tr>\n<\/tbody>\n<\/table>\n<table>\n<tbody>\n<tr>\n<td colspan=\"2\">\n<h3>FUNCIONES DE OCIO AL AIRE LIBRE<\/h3>\n<\/td>\n<\/tr>\n<tr>\n<td>Navegaci\u00f3n punto a punto<\/td>\n<td>si<\/td>\n<\/tr>\n<tr>\n<td>C\u00e1lculo de \u00e1reas<\/td>\n<td>si<\/td>\n<\/tr>\n<tr>\n<td>Calendario de caza y pesca<\/td>\n<td>si<\/td>\n<\/tr>\n<tr>\n<td>Geocaching friendly<\/td>\n<td>si<\/td>\n<\/tr>\n<tr>\n<td>Compatible con los mapas personalizados<\/td>\n<td>si<\/td>\n<\/tr>\n<tr>\n<td>Visor de im\u00e1genes<\/td>\n<td>SI<\/td>\n<\/tr>\n<\/tbody>\n<\/table>\n<p>Manual:<\/p>\n<p><a href=\"https:\/\/cosola.com\/images\/MANUAL-79S.pdf\"><strong><img loading=\"lazy\" decoding=\"async\" src=\"https:\/\/cosola.com\/images\/logos\/Logo-PDF.png\" alt=\"Logo-PDF\" width=\"70\" height=\"70\" \/><\/strong><\/a><\/p>\n","protected":false},"excerpt":{"rendered":"<p>Mant\u00e9n el rumbo y realiza un seguimiento de m\u00e1s aventuras con estas robustas computadoras de mano flotantes.<\/p>\n<p>Este equipo puede recordar hasta 10,000 waypoints y m\u00e1s, por lo que no es necesario que lo haga usted.<\/p>\n<p>La br\u00fajula incorporada le indicar\u00e1 la direcci\u00f3n correcta.<\/p>\n","protected":false},"featured_media":37306,"comment_status":"closed","ping_status":"closed","template":"","meta":[],"product_brand":[102],"product_cat":[79],"product_tag":[155,146],"class_list":{"0":"post-37305","1":"product","2":"type-product","3":"status-publish","4":"has-post-thumbnail","6":"product_brand-garmin","7":"product_cat-gps-navegadores","8":"product_tag-gps-navegador","9":"product_tag-topografia","11":"first","12":"instock","13":"shipping-taxable","14":"product-type-simple"},"yoast_head":"<!-- This site is optimized with the Yoast SEO plugin v27.2 - https:\/\/yoast.com\/product\/yoast-seo-wordpress\/ -->\n<title>GPS GARMIN GPS MAP\u00ae 79s - Topograf\u00eda, Geolog\u00eda, Miner\u00eda y Equipamiento de Oficina<\/title>\n<meta name=\"robots\" content=\"index, follow, max-snippet:-1, max-image-preview:large, max-video-preview:-1\" \/>\n<link rel=\"canonical\" href=\"https:\/\/beiroperu.com\/tienda\/catalogo\/topografia\/gps-navegadores\/gps-garmin-gps-map-79s\/\" \/>\n<meta property=\"og:locale\" content=\"es_ES\" \/>\n<meta property=\"og:type\" content=\"article\" \/>\n<meta property=\"og:title\" content=\"GPS GARMIN GPS MAP\u00ae 79s - Topograf\u00eda, Geolog\u00eda, Miner\u00eda y Equipamiento de Oficina\" \/>\n<meta property=\"og:description\" content=\"Mant\u00e9n el rumbo y realiza un seguimiento de m\u00e1s aventuras con estas robustas computadoras de mano flotantes.  Este equipo puede recordar hasta 10,000 waypoints y m\u00e1s, por lo que no es necesario que lo haga usted.  La br\u00fajula incorporada le indicar\u00e1 la direcci\u00f3n correcta.\" \/>\n<meta property=\"og:url\" content=\"https:\/\/beiroperu.com\/tienda\/catalogo\/topografia\/gps-navegadores\/gps-garmin-gps-map-79s\/\" \/>\n<meta property=\"og:site_name\" content=\"Topograf\u00eda, Geolog\u00eda, Miner\u00eda y Equipamiento de Oficina\" \/>\n<meta property=\"article:publisher\" content=\"https:\/\/www.facebook.com\/profile.php?id=61574959587714\" \/>\n<meta property=\"og:image\" content=\"https:\/\/beiroperu.com\/tienda\/wp-content\/uploads\/2026\/03\/garmin-map-79s-gps-navegador-1.jpg\" \/>\n\t<meta property=\"og:image:width\" content=\"800\" \/>\n\t<meta property=\"og:image:height\" content=\"930\" \/>\n\t<meta property=\"og:image:type\" content=\"image\/jpeg\" \/>\n<meta name=\"twitter:card\" content=\"summary_large_image\" \/>\n<meta name=\"twitter:label1\" content=\"Tiempo de lectura\" \/>\n\t<meta name=\"twitter:data1\" content=\"3 minutos\" \/>\n<script type=\"application\/ld+json\" class=\"yoast-schema-graph\">{\"@context\":\"https:\/\/schema.org\",\"@graph\":[{\"@type\":\"WebPage\",\"@id\":\"https:\/\/beiroperu.com\/tienda\/catalogo\/topografia\/gps-navegadores\/gps-garmin-gps-map-79s\/\",\"url\":\"https:\/\/beiroperu.com\/tienda\/catalogo\/topografia\/gps-navegadores\/gps-garmin-gps-map-79s\/\",\"name\":\"GPS GARMIN GPS MAP\u00ae 79s - Topograf\u00eda, Geolog\u00eda, Miner\u00eda y Equipamiento de Oficina\",\"isPartOf\":{\"@id\":\"https:\/\/beiroperu.com\/tienda\/#website\"},\"primaryImageOfPage\":{\"@id\":\"https:\/\/beiroperu.com\/tienda\/catalogo\/topografia\/gps-navegadores\/gps-garmin-gps-map-79s\/#primaryimage\"},\"image\":{\"@id\":\"https:\/\/beiroperu.com\/tienda\/catalogo\/topografia\/gps-navegadores\/gps-garmin-gps-map-79s\/#primaryimage\"},\"thumbnailUrl\":\"https:\/\/beiroperu.com\/tienda\/wp-content\/uploads\/2026\/03\/garmin-map-79s-gps-navegador-1.jpg\",\"datePublished\":\"2026-03-31T16:17:18+00:00\",\"breadcrumb\":{\"@id\":\"https:\/\/beiroperu.com\/tienda\/catalogo\/topografia\/gps-navegadores\/gps-garmin-gps-map-79s\/#breadcrumb\"},\"inLanguage\":\"es\",\"potentialAction\":[{\"@type\":\"ReadAction\",\"target\":[\"https:\/\/beiroperu.com\/tienda\/catalogo\/topografia\/gps-navegadores\/gps-garmin-gps-map-79s\/\"]}]},{\"@type\":\"ImageObject\",\"inLanguage\":\"es\",\"@id\":\"https:\/\/beiroperu.com\/tienda\/catalogo\/topografia\/gps-navegadores\/gps-garmin-gps-map-79s\/#primaryimage\",\"url\":\"https:\/\/beiroperu.com\/tienda\/wp-content\/uploads\/2026\/03\/garmin-map-79s-gps-navegador-1.jpg\",\"contentUrl\":\"https:\/\/beiroperu.com\/tienda\/wp-content\/uploads\/2026\/03\/garmin-map-79s-gps-navegador-1.jpg\",\"width\":800,\"height\":930},{\"@type\":\"BreadcrumbList\",\"@id\":\"https:\/\/beiroperu.com\/tienda\/catalogo\/topografia\/gps-navegadores\/gps-garmin-gps-map-79s\/#breadcrumb\",\"itemListElement\":[{\"@type\":\"ListItem\",\"position\":1,\"name\":\"Portada\",\"item\":\"https:\/\/beiroperu.com\/tienda\/\"},{\"@type\":\"ListItem\",\"position\":2,\"name\":\"Shop\",\"item\":\"https:\/\/beiroperu.com\/tienda\/shop\/\"},{\"@type\":\"ListItem\",\"position\":3,\"name\":\"GPS GARMIN GPS MAP\u00ae 79s\"}]},{\"@type\":\"WebSite\",\"@id\":\"https:\/\/beiroperu.com\/tienda\/#website\",\"url\":\"https:\/\/beiroperu.com\/tienda\/\",\"name\":\"Topograf\u00eda, Geolog\u00eda, Miner\u00eda y Equipamiento de Oficina\",\"description\":\"Beiro Per\u00fa\",\"publisher\":{\"@id\":\"https:\/\/beiroperu.com\/tienda\/#organization\"},\"alternateName\":\"Beiro Per\u00fa\",\"potentialAction\":[{\"@type\":\"SearchAction\",\"target\":{\"@type\":\"EntryPoint\",\"urlTemplate\":\"https:\/\/beiroperu.com\/tienda\/?s={search_term_string}\"},\"query-input\":{\"@type\":\"PropertyValueSpecification\",\"valueRequired\":true,\"valueName\":\"search_term_string\"}}],\"inLanguage\":\"es\"},{\"@type\":\"Organization\",\"@id\":\"https:\/\/beiroperu.com\/tienda\/#organization\",\"name\":\"Beiro\",\"alternateName\":\"Beiro Per\u00fa\",\"url\":\"https:\/\/beiroperu.com\/tienda\/\",\"logo\":{\"@type\":\"ImageObject\",\"inLanguage\":\"es\",\"@id\":\"https:\/\/beiroperu.com\/tienda\/#\/schema\/logo\/image\/\",\"url\":\"https:\/\/beiroperu.com\/tienda\/wp-content\/uploads\/2026\/03\/logo-beiro.jpeg\",\"contentUrl\":\"https:\/\/beiroperu.com\/tienda\/wp-content\/uploads\/2026\/03\/logo-beiro.jpeg\",\"width\":322,\"height\":123,\"caption\":\"Beiro\"},\"image\":{\"@id\":\"https:\/\/beiroperu.com\/tienda\/#\/schema\/logo\/image\/\"},\"sameAs\":[\"https:\/\/www.facebook.com\/profile.php?id=61574959587714\",\"https:\/\/www.instagram.com\/beiro_equipos_topograficos?igsh=cG11NHowcmp1dzFq\",\"https:\/\/www.threads.com\/@beiro_equipos_topograficos\"]}]}<\/script>\n<!-- \/ Yoast SEO plugin. -->","yoast_head_json":{"title":"GPS GARMIN GPS MAP\u00ae 79s - Topograf\u00eda, Geolog\u00eda, Miner\u00eda y Equipamiento de Oficina","robots":{"index":"index","follow":"follow","max-snippet":"max-snippet:-1","max-image-preview":"max-image-preview:large","max-video-preview":"max-video-preview:-1"},"canonical":"https:\/\/beiroperu.com\/tienda\/catalogo\/topografia\/gps-navegadores\/gps-garmin-gps-map-79s\/","og_locale":"es_ES","og_type":"article","og_title":"GPS GARMIN GPS MAP\u00ae 79s - Topograf\u00eda, Geolog\u00eda, Miner\u00eda y Equipamiento de Oficina","og_description":"Mant\u00e9n el rumbo y realiza un seguimiento de m\u00e1s aventuras con estas robustas computadoras de mano flotantes.  Este equipo puede recordar hasta 10,000 waypoints y m\u00e1s, por lo que no es necesario que lo haga usted.  La br\u00fajula incorporada le indicar\u00e1 la direcci\u00f3n correcta.","og_url":"https:\/\/beiroperu.com\/tienda\/catalogo\/topografia\/gps-navegadores\/gps-garmin-gps-map-79s\/","og_site_name":"Topograf\u00eda, Geolog\u00eda, Miner\u00eda y Equipamiento de Oficina","article_publisher":"https:\/\/www.facebook.com\/profile.php?id=61574959587714","og_image":[{"width":800,"height":930,"url":"https:\/\/beiroperu.com\/tienda\/wp-content\/uploads\/2026\/03\/garmin-map-79s-gps-navegador-1.jpg","type":"image\/jpeg"}],"twitter_card":"summary_large_image","twitter_misc":{"Tiempo de lectura":"3 minutos"},"schema":{"@context":"https:\/\/schema.org","@graph":[{"@type":"WebPage","@id":"https:\/\/beiroperu.com\/tienda\/catalogo\/topografia\/gps-navegadores\/gps-garmin-gps-map-79s\/","url":"https:\/\/beiroperu.com\/tienda\/catalogo\/topografia\/gps-navegadores\/gps-garmin-gps-map-79s\/","name":"GPS GARMIN GPS MAP\u00ae 79s - Topograf\u00eda, Geolog\u00eda, Miner\u00eda y Equipamiento de Oficina","isPartOf":{"@id":"https:\/\/beiroperu.com\/tienda\/#website"},"primaryImageOfPage":{"@id":"https:\/\/beiroperu.com\/tienda\/catalogo\/topografia\/gps-navegadores\/gps-garmin-gps-map-79s\/#primaryimage"},"image":{"@id":"https:\/\/beiroperu.com\/tienda\/catalogo\/topografia\/gps-navegadores\/gps-garmin-gps-map-79s\/#primaryimage"},"thumbnailUrl":"https:\/\/beiroperu.com\/tienda\/wp-content\/uploads\/2026\/03\/garmin-map-79s-gps-navegador-1.jpg","datePublished":"2026-03-31T16:17:18+00:00","breadcrumb":{"@id":"https:\/\/beiroperu.com\/tienda\/catalogo\/topografia\/gps-navegadores\/gps-garmin-gps-map-79s\/#breadcrumb"},"inLanguage":"es","potentialAction":[{"@type":"ReadAction","target":["https:\/\/beiroperu.com\/tienda\/catalogo\/topografia\/gps-navegadores\/gps-garmin-gps-map-79s\/"]}]},{"@type":"ImageObject","inLanguage":"es","@id":"https:\/\/beiroperu.com\/tienda\/catalogo\/topografia\/gps-navegadores\/gps-garmin-gps-map-79s\/#primaryimage","url":"https:\/\/beiroperu.com\/tienda\/wp-content\/uploads\/2026\/03\/garmin-map-79s-gps-navegador-1.jpg","contentUrl":"https:\/\/beiroperu.com\/tienda\/wp-content\/uploads\/2026\/03\/garmin-map-79s-gps-navegador-1.jpg","width":800,"height":930},{"@type":"BreadcrumbList","@id":"https:\/\/beiroperu.com\/tienda\/catalogo\/topografia\/gps-navegadores\/gps-garmin-gps-map-79s\/#breadcrumb","itemListElement":[{"@type":"ListItem","position":1,"name":"Portada","item":"https:\/\/beiroperu.com\/tienda\/"},{"@type":"ListItem","position":2,"name":"Shop","item":"https:\/\/beiroperu.com\/tienda\/shop\/"},{"@type":"ListItem","position":3,"name":"GPS GARMIN GPS MAP\u00ae 79s"}]},{"@type":"WebSite","@id":"https:\/\/beiroperu.com\/tienda\/#website","url":"https:\/\/beiroperu.com\/tienda\/","name":"Topograf\u00eda, Geolog\u00eda, Miner\u00eda y Equipamiento de Oficina","description":"Beiro Per\u00fa","publisher":{"@id":"https:\/\/beiroperu.com\/tienda\/#organization"},"alternateName":"Beiro Per\u00fa","potentialAction":[{"@type":"SearchAction","target":{"@type":"EntryPoint","urlTemplate":"https:\/\/beiroperu.com\/tienda\/?s={search_term_string}"},"query-input":{"@type":"PropertyValueSpecification","valueRequired":true,"valueName":"search_term_string"}}],"inLanguage":"es"},{"@type":"Organization","@id":"https:\/\/beiroperu.com\/tienda\/#organization","name":"Beiro","alternateName":"Beiro Per\u00fa","url":"https:\/\/beiroperu.com\/tienda\/","logo":{"@type":"ImageObject","inLanguage":"es","@id":"https:\/\/beiroperu.com\/tienda\/#\/schema\/logo\/image\/","url":"https:\/\/beiroperu.com\/tienda\/wp-content\/uploads\/2026\/03\/logo-beiro.jpeg","contentUrl":"https:\/\/beiroperu.com\/tienda\/wp-content\/uploads\/2026\/03\/logo-beiro.jpeg","width":322,"height":123,"caption":"Beiro"},"image":{"@id":"https:\/\/beiroperu.com\/tienda\/#\/schema\/logo\/image\/"},"sameAs":["https:\/\/www.facebook.com\/profile.php?id=61574959587714","https:\/\/www.instagram.com\/beiro_equipos_topograficos?igsh=cG11NHowcmp1dzFq","https:\/\/www.threads.com\/@beiro_equipos_topograficos"]}]}},"_links":{"self":[{"href":"https:\/\/beiroperu.com\/tienda\/wp-json\/wp\/v2\/product\/37305","targetHints":{"allow":["GET"]}}],"collection":[{"href":"https:\/\/beiroperu.com\/tienda\/wp-json\/wp\/v2\/product"}],"about":[{"href":"https:\/\/beiroperu.com\/tienda\/wp-json\/wp\/v2\/types\/product"}],"replies":[{"embeddable":true,"href":"https:\/\/beiroperu.com\/tienda\/wp-json\/wp\/v2\/comments?post=37305"}],"wp:featuredmedia":[{"embeddable":true,"href":"https:\/\/beiroperu.com\/tienda\/wp-json\/wp\/v2\/media\/37306"}],"wp:attachment":[{"href":"https:\/\/beiroperu.com\/tienda\/wp-json\/wp\/v2\/media?parent=37305"}],"wp:term":[{"taxonomy":"product_brand","embeddable":true,"href":"https:\/\/beiroperu.com\/tienda\/wp-json\/wp\/v2\/product_brand?post=37305"},{"taxonomy":"product_cat","embeddable":true,"href":"https:\/\/beiroperu.com\/tienda\/wp-json\/wp\/v2\/product_cat?post=37305"},{"taxonomy":"product_tag","embeddable":true,"href":"https:\/\/beiroperu.com\/tienda\/wp-json\/wp\/v2\/product_tag?post=37305"}],"curies":[{"name":"wp","href":"https:\/\/api.w.org\/{rel}","templated":true}]}}