{"id":37401,"date":"2026-04-03T07:19:50","date_gmt":"2026-04-03T12:19:50","guid":{"rendered":"https:\/\/beiroperu.com\/tienda\/?post_type=product&#038;p=37401"},"modified":"2026-04-03T07:19:59","modified_gmt":"2026-04-03T12:19:59","slug":"bosch-glm-40","status":"publish","type":"product","link":"https:\/\/beiroperu.com\/tienda\/catalogo\/topografia\/distanciometros\/bosch-glm-40\/","title":{"rendered":"BOSCH GLM 40"},"content":{"rendered":"<p><strong>Medici\u00f3n de distancia:\u00a040,00 m<\/strong><\/p>\n<p>Todas las funciones relevantes en la forma m\u00e1s compacta Robusto:<\/p>\n<ul>\n<li>Protecci\u00f3n IP 54 contra polvo y salpicaduras de agua<\/li>\n<li>Exactitud de 1,5mm para una mejor medici\u00f3n<\/li>\n<li>La funci\u00f3n de memoria permite un acceso f\u00e1cil a las diez \u00faltimas mediciones<\/li>\n<\/ul>\n<p>Con Laser Measure\u00a0<strong>GLM 40<\/strong>\u00a0Professional dispondr\u00e1s de una amplia gama de modos de medici\u00f3n en un \u00fanico dise\u00f1o compacto. Proporciona todos los modos de medici\u00f3n significativos en un solo dispositivo:\u00a0<strong>longitud est\u00e1ndar, superficies y c\u00e1lculo de vol\u00famenes<\/strong>, as\u00ed como medici\u00f3n\u00a0<strong>indirecta de altura<\/strong>. Cuenta con una pantalla iluminada de f\u00e1cil lectura que muestra los tres \u00faltimos resultados de medici\u00f3n para una r\u00e1pida referencia. La medici\u00f3n por l\u00e1ser tambi\u00e9n tiene una funci\u00f3n de memoria que guarda las \u00faltimas 10 mediciones, facilitando un uso eficiente del tiempo.<\/p>\n<p>Esta herramienta es ideal para instalaciones de interior, incluyendo electricidad, revestimientos, carpinter\u00eda, colocaci\u00f3n de paneles de yeso, pintura de construcci\u00f3n y trabajos de climatizaci\u00f3n.<\/p>\n<p>Adem\u00e1s de la protecci\u00f3n integrada frente a salpicaduras de agua y polvo, el medidor l\u00e1ser de distancias GLM 40 Professional tambi\u00e9n cuenta con una carcasa robusta y a prueba de golpes que protege la herramienta de da\u00f1os si cae desde una altura de hasta 1 metro.<\/p>\n<p><strong>DATOS ADICIONALES<\/strong><\/p>\n<ul>\n<li>Rango de medici\u00f3n:\u00a0<strong>0,15 \u2013 40,00 m<\/strong><\/li>\n<li>Diodo l\u00e1ser:\u00a0<strong>635 nm, &lt; 1 mW<\/strong><\/li>\n<li>Peso, aprox.:\u00a0<strong>0.09 kg<\/strong><\/li>\n<li>Tiempo de medici\u00f3n, habitual:\u00a0<strong>m\u00edn.:0,5 s; m\u00e1x.:4s<\/strong><\/li>\n<li>Clase de l\u00e1ser :<strong>\u00a02<\/strong><\/li>\n<li>Precisi\u00f3n de medici\u00f3n, habitual<strong>: \u00b1 1.5 mm (m\u00e1s desviaci\u00f3n seg\u00fan la aplicaci\u00f3n)<\/strong><\/li>\n<li>Tiempo de medici\u00f3n m\u00e1x.:\u00a0<strong>4 s<\/strong><\/li>\n<li>Fuente de alimentaci\u00f3n:\u00a0<strong>2 x 1,5 V LR03 (AAA)<\/strong><\/li>\n<li>Desconexi\u00f3n autom\u00e1tica<strong>: 5 m\u00edn<\/strong>.<\/li>\n<li>Unidades de medici\u00f3n:\u00a0<strong>m\/cm, ft\/in<\/strong><\/li>\n<li>Capacidad de almacenamiento (valores):\u00a0<strong>10<\/strong><\/li>\n<li>Protecci\u00f3n contra polvo y salpicaduras de agua:\u00a0<strong>IP 54<\/strong><\/li>\n<li>Color del l\u00e1ser:\u00a0<strong>Rojo<\/strong><\/li>\n<li>Margen de medici\u00f3n, hasta<strong>: 40 m<\/strong><\/li>\n<\/ul>\n<p><strong>Ver Brochure:\u00a0<a href=\"https:\/\/cosola.com\/images\/Bosch_GLM40.PDF\"><img loading=\"lazy\" decoding=\"async\" src=\"https:\/\/cosola.com\/images\/logos\/Logo-PDF.png\" alt=\"Logo-PDF\" width=\"70\" height=\"70\" \/><\/a><\/strong><\/p>\n","protected":false},"excerpt":{"rendered":"<p>Todas las funciones relevantes en la forma m\u00e1s compacta Robusto:<\/p>\n<ul>\n<li>Protecci\u00f3n IP 54 contra polvo y salpicaduras de agua<\/li>\n<li>Exactitud de 1,5mm para una mejor medici\u00f3n<\/li>\n<li>La funci\u00f3n de memoria permite un acceso f\u00e1cil a las diez \u00faltimas mediciones<\/li>\n<\/ul>\n","protected":false},"featured_media":37402,"comment_status":"closed","ping_status":"closed","template":"","meta":[],"product_brand":[184],"product_cat":[83],"product_tag":[183,146],"class_list":{"0":"post-37401","1":"product","2":"type-product","3":"status-publish","4":"has-post-thumbnail","6":"product_brand-bosch","7":"product_cat-distanciometros","8":"product_tag-distanciometro","9":"product_tag-topografia","11":"first","12":"instock","13":"shipping-taxable","14":"product-type-simple"},"yoast_head":"<!-- This site is optimized with the Yoast SEO plugin v27.2 - https:\/\/yoast.com\/product\/yoast-seo-wordpress\/ -->\n<title>BOSCH GLM 40 - Topograf\u00eda, Geolog\u00eda, Miner\u00eda y Equipamiento de Oficina<\/title>\n<meta name=\"robots\" content=\"index, follow, max-snippet:-1, max-image-preview:large, max-video-preview:-1\" \/>\n<link rel=\"canonical\" href=\"https:\/\/beiroperu.com\/tienda\/catalogo\/topografia\/distanciometros\/bosch-glm-40\/\" \/>\n<meta property=\"og:locale\" content=\"es_ES\" \/>\n<meta property=\"og:type\" content=\"article\" \/>\n<meta property=\"og:title\" content=\"BOSCH GLM 40 - Topograf\u00eda, Geolog\u00eda, Miner\u00eda y Equipamiento de Oficina\" \/>\n<meta property=\"og:description\" content=\"Todas las funciones relevantes en la forma m\u00e1s compacta Robusto:   Protecci\u00f3n IP 54 contra polvo y salpicaduras de agua  Exactitud de 1,5mm para una mejor medici\u00f3n  La funci\u00f3n de memoria permite un acceso f\u00e1cil a las diez \u00faltimas mediciones\" \/>\n<meta property=\"og:url\" content=\"https:\/\/beiroperu.com\/tienda\/catalogo\/topografia\/distanciometros\/bosch-glm-40\/\" \/>\n<meta property=\"og:site_name\" content=\"Topograf\u00eda, Geolog\u00eda, Miner\u00eda y Equipamiento de Oficina\" \/>\n<meta property=\"article:publisher\" content=\"https:\/\/www.facebook.com\/profile.php?id=61574959587714\" \/>\n<meta property=\"article:modified_time\" content=\"2026-04-03T12:19:59+00:00\" \/>\n<meta property=\"og:image\" content=\"https:\/\/beiroperu.com\/tienda\/wp-content\/uploads\/2026\/04\/bosch-glm-40-distanciometro-1.jpg\" \/>\n\t<meta property=\"og:image:width\" content=\"800\" \/>\n\t<meta property=\"og:image:height\" content=\"930\" \/>\n\t<meta property=\"og:image:type\" content=\"image\/jpeg\" \/>\n<meta name=\"twitter:card\" content=\"summary_large_image\" \/>\n<meta name=\"twitter:label1\" content=\"Tiempo de lectura\" \/>\n\t<meta name=\"twitter:data1\" content=\"2 minutos\" \/>\n<script type=\"application\/ld+json\" class=\"yoast-schema-graph\">{\"@context\":\"https:\/\/schema.org\",\"@graph\":[{\"@type\":\"WebPage\",\"@id\":\"https:\/\/beiroperu.com\/tienda\/catalogo\/topografia\/distanciometros\/bosch-glm-40\/\",\"url\":\"https:\/\/beiroperu.com\/tienda\/catalogo\/topografia\/distanciometros\/bosch-glm-40\/\",\"name\":\"BOSCH GLM 40 - Topograf\u00eda, Geolog\u00eda, Miner\u00eda y Equipamiento de Oficina\",\"isPartOf\":{\"@id\":\"https:\/\/beiroperu.com\/tienda\/#website\"},\"primaryImageOfPage\":{\"@id\":\"https:\/\/beiroperu.com\/tienda\/catalogo\/topografia\/distanciometros\/bosch-glm-40\/#primaryimage\"},\"image\":{\"@id\":\"https:\/\/beiroperu.com\/tienda\/catalogo\/topografia\/distanciometros\/bosch-glm-40\/#primaryimage\"},\"thumbnailUrl\":\"https:\/\/beiroperu.com\/tienda\/wp-content\/uploads\/2026\/04\/bosch-glm-40-distanciometro-1.jpg\",\"datePublished\":\"2026-04-03T12:19:50+00:00\",\"dateModified\":\"2026-04-03T12:19:59+00:00\",\"breadcrumb\":{\"@id\":\"https:\/\/beiroperu.com\/tienda\/catalogo\/topografia\/distanciometros\/bosch-glm-40\/#breadcrumb\"},\"inLanguage\":\"es\",\"potentialAction\":[{\"@type\":\"ReadAction\",\"target\":[\"https:\/\/beiroperu.com\/tienda\/catalogo\/topografia\/distanciometros\/bosch-glm-40\/\"]}]},{\"@type\":\"ImageObject\",\"inLanguage\":\"es\",\"@id\":\"https:\/\/beiroperu.com\/tienda\/catalogo\/topografia\/distanciometros\/bosch-glm-40\/#primaryimage\",\"url\":\"https:\/\/beiroperu.com\/tienda\/wp-content\/uploads\/2026\/04\/bosch-glm-40-distanciometro-1.jpg\",\"contentUrl\":\"https:\/\/beiroperu.com\/tienda\/wp-content\/uploads\/2026\/04\/bosch-glm-40-distanciometro-1.jpg\",\"width\":800,\"height\":930},{\"@type\":\"BreadcrumbList\",\"@id\":\"https:\/\/beiroperu.com\/tienda\/catalogo\/topografia\/distanciometros\/bosch-glm-40\/#breadcrumb\",\"itemListElement\":[{\"@type\":\"ListItem\",\"position\":1,\"name\":\"Portada\",\"item\":\"https:\/\/beiroperu.com\/tienda\/\"},{\"@type\":\"ListItem\",\"position\":2,\"name\":\"Shop\",\"item\":\"https:\/\/beiroperu.com\/tienda\/shop\/\"},{\"@type\":\"ListItem\",\"position\":3,\"name\":\"BOSCH GLM 40\"}]},{\"@type\":\"WebSite\",\"@id\":\"https:\/\/beiroperu.com\/tienda\/#website\",\"url\":\"https:\/\/beiroperu.com\/tienda\/\",\"name\":\"Topograf\u00eda, Geolog\u00eda, Miner\u00eda y Equipamiento de Oficina\",\"description\":\"Beiro Per\u00fa\",\"publisher\":{\"@id\":\"https:\/\/beiroperu.com\/tienda\/#organization\"},\"alternateName\":\"Beiro Per\u00fa\",\"potentialAction\":[{\"@type\":\"SearchAction\",\"target\":{\"@type\":\"EntryPoint\",\"urlTemplate\":\"https:\/\/beiroperu.com\/tienda\/?s={search_term_string}\"},\"query-input\":{\"@type\":\"PropertyValueSpecification\",\"valueRequired\":true,\"valueName\":\"search_term_string\"}}],\"inLanguage\":\"es\"},{\"@type\":\"Organization\",\"@id\":\"https:\/\/beiroperu.com\/tienda\/#organization\",\"name\":\"Beiro\",\"alternateName\":\"Beiro Per\u00fa\",\"url\":\"https:\/\/beiroperu.com\/tienda\/\",\"logo\":{\"@type\":\"ImageObject\",\"inLanguage\":\"es\",\"@id\":\"https:\/\/beiroperu.com\/tienda\/#\/schema\/logo\/image\/\",\"url\":\"https:\/\/beiroperu.com\/tienda\/wp-content\/uploads\/2026\/03\/logo-beiro.jpeg\",\"contentUrl\":\"https:\/\/beiroperu.com\/tienda\/wp-content\/uploads\/2026\/03\/logo-beiro.jpeg\",\"width\":322,\"height\":123,\"caption\":\"Beiro\"},\"image\":{\"@id\":\"https:\/\/beiroperu.com\/tienda\/#\/schema\/logo\/image\/\"},\"sameAs\":[\"https:\/\/www.facebook.com\/profile.php?id=61574959587714\",\"https:\/\/www.instagram.com\/beiro_equipos_topograficos?igsh=cG11NHowcmp1dzFq\",\"https:\/\/www.threads.com\/@beiro_equipos_topograficos\"]}]}<\/script>\n<!-- \/ Yoast SEO plugin. -->","yoast_head_json":{"title":"BOSCH GLM 40 - Topograf\u00eda, Geolog\u00eda, Miner\u00eda y Equipamiento de Oficina","robots":{"index":"index","follow":"follow","max-snippet":"max-snippet:-1","max-image-preview":"max-image-preview:large","max-video-preview":"max-video-preview:-1"},"canonical":"https:\/\/beiroperu.com\/tienda\/catalogo\/topografia\/distanciometros\/bosch-glm-40\/","og_locale":"es_ES","og_type":"article","og_title":"BOSCH GLM 40 - Topograf\u00eda, Geolog\u00eda, Miner\u00eda y Equipamiento de Oficina","og_description":"Todas las funciones relevantes en la forma m\u00e1s compacta Robusto:   Protecci\u00f3n IP 54 contra polvo y salpicaduras de agua  Exactitud de 1,5mm para una mejor medici\u00f3n  La funci\u00f3n de memoria permite un acceso f\u00e1cil a las diez \u00faltimas mediciones","og_url":"https:\/\/beiroperu.com\/tienda\/catalogo\/topografia\/distanciometros\/bosch-glm-40\/","og_site_name":"Topograf\u00eda, Geolog\u00eda, Miner\u00eda y Equipamiento de Oficina","article_publisher":"https:\/\/www.facebook.com\/profile.php?id=61574959587714","article_modified_time":"2026-04-03T12:19:59+00:00","og_image":[{"width":800,"height":930,"url":"https:\/\/beiroperu.com\/tienda\/wp-content\/uploads\/2026\/04\/bosch-glm-40-distanciometro-1.jpg","type":"image\/jpeg"}],"twitter_card":"summary_large_image","twitter_misc":{"Tiempo de lectura":"2 minutos"},"schema":{"@context":"https:\/\/schema.org","@graph":[{"@type":"WebPage","@id":"https:\/\/beiroperu.com\/tienda\/catalogo\/topografia\/distanciometros\/bosch-glm-40\/","url":"https:\/\/beiroperu.com\/tienda\/catalogo\/topografia\/distanciometros\/bosch-glm-40\/","name":"BOSCH GLM 40 - Topograf\u00eda, Geolog\u00eda, Miner\u00eda y Equipamiento de Oficina","isPartOf":{"@id":"https:\/\/beiroperu.com\/tienda\/#website"},"primaryImageOfPage":{"@id":"https:\/\/beiroperu.com\/tienda\/catalogo\/topografia\/distanciometros\/bosch-glm-40\/#primaryimage"},"image":{"@id":"https:\/\/beiroperu.com\/tienda\/catalogo\/topografia\/distanciometros\/bosch-glm-40\/#primaryimage"},"thumbnailUrl":"https:\/\/beiroperu.com\/tienda\/wp-content\/uploads\/2026\/04\/bosch-glm-40-distanciometro-1.jpg","datePublished":"2026-04-03T12:19:50+00:00","dateModified":"2026-04-03T12:19:59+00:00","breadcrumb":{"@id":"https:\/\/beiroperu.com\/tienda\/catalogo\/topografia\/distanciometros\/bosch-glm-40\/#breadcrumb"},"inLanguage":"es","potentialAction":[{"@type":"ReadAction","target":["https:\/\/beiroperu.com\/tienda\/catalogo\/topografia\/distanciometros\/bosch-glm-40\/"]}]},{"@type":"ImageObject","inLanguage":"es","@id":"https:\/\/beiroperu.com\/tienda\/catalogo\/topografia\/distanciometros\/bosch-glm-40\/#primaryimage","url":"https:\/\/beiroperu.com\/tienda\/wp-content\/uploads\/2026\/04\/bosch-glm-40-distanciometro-1.jpg","contentUrl":"https:\/\/beiroperu.com\/tienda\/wp-content\/uploads\/2026\/04\/bosch-glm-40-distanciometro-1.jpg","width":800,"height":930},{"@type":"BreadcrumbList","@id":"https:\/\/beiroperu.com\/tienda\/catalogo\/topografia\/distanciometros\/bosch-glm-40\/#breadcrumb","itemListElement":[{"@type":"ListItem","position":1,"name":"Portada","item":"https:\/\/beiroperu.com\/tienda\/"},{"@type":"ListItem","position":2,"name":"Shop","item":"https:\/\/beiroperu.com\/tienda\/shop\/"},{"@type":"ListItem","position":3,"name":"BOSCH GLM 40"}]},{"@type":"WebSite","@id":"https:\/\/beiroperu.com\/tienda\/#website","url":"https:\/\/beiroperu.com\/tienda\/","name":"Topograf\u00eda, Geolog\u00eda, Miner\u00eda y Equipamiento de Oficina","description":"Beiro Per\u00fa","publisher":{"@id":"https:\/\/beiroperu.com\/tienda\/#organization"},"alternateName":"Beiro Per\u00fa","potentialAction":[{"@type":"SearchAction","target":{"@type":"EntryPoint","urlTemplate":"https:\/\/beiroperu.com\/tienda\/?s={search_term_string}"},"query-input":{"@type":"PropertyValueSpecification","valueRequired":true,"valueName":"search_term_string"}}],"inLanguage":"es"},{"@type":"Organization","@id":"https:\/\/beiroperu.com\/tienda\/#organization","name":"Beiro","alternateName":"Beiro Per\u00fa","url":"https:\/\/beiroperu.com\/tienda\/","logo":{"@type":"ImageObject","inLanguage":"es","@id":"https:\/\/beiroperu.com\/tienda\/#\/schema\/logo\/image\/","url":"https:\/\/beiroperu.com\/tienda\/wp-content\/uploads\/2026\/03\/logo-beiro.jpeg","contentUrl":"https:\/\/beiroperu.com\/tienda\/wp-content\/uploads\/2026\/03\/logo-beiro.jpeg","width":322,"height":123,"caption":"Beiro"},"image":{"@id":"https:\/\/beiroperu.com\/tienda\/#\/schema\/logo\/image\/"},"sameAs":["https:\/\/www.facebook.com\/profile.php?id=61574959587714","https:\/\/www.instagram.com\/beiro_equipos_topograficos?igsh=cG11NHowcmp1dzFq","https:\/\/www.threads.com\/@beiro_equipos_topograficos"]}]}},"_links":{"self":[{"href":"https:\/\/beiroperu.com\/tienda\/wp-json\/wp\/v2\/product\/37401","targetHints":{"allow":["GET"]}}],"collection":[{"href":"https:\/\/beiroperu.com\/tienda\/wp-json\/wp\/v2\/product"}],"about":[{"href":"https:\/\/beiroperu.com\/tienda\/wp-json\/wp\/v2\/types\/product"}],"replies":[{"embeddable":true,"href":"https:\/\/beiroperu.com\/tienda\/wp-json\/wp\/v2\/comments?post=37401"}],"wp:featuredmedia":[{"embeddable":true,"href":"https:\/\/beiroperu.com\/tienda\/wp-json\/wp\/v2\/media\/37402"}],"wp:attachment":[{"href":"https:\/\/beiroperu.com\/tienda\/wp-json\/wp\/v2\/media?parent=37401"}],"wp:term":[{"taxonomy":"product_brand","embeddable":true,"href":"https:\/\/beiroperu.com\/tienda\/wp-json\/wp\/v2\/product_brand?post=37401"},{"taxonomy":"product_cat","embeddable":true,"href":"https:\/\/beiroperu.com\/tienda\/wp-json\/wp\/v2\/product_cat?post=37401"},{"taxonomy":"product_tag","embeddable":true,"href":"https:\/\/beiroperu.com\/tienda\/wp-json\/wp\/v2\/product_tag?post=37401"}],"curies":[{"name":"wp","href":"https:\/\/api.w.org\/{rel}","templated":true}]}}