{"id":37405,"date":"2026-04-03T07:29:17","date_gmt":"2026-04-03T12:29:17","guid":{"rendered":"https:\/\/beiroperu.com\/tienda\/?post_type=product&#038;p=37405"},"modified":"2026-04-03T07:32:46","modified_gmt":"2026-04-03T12:32:46","slug":"bosch-glm-50-c","status":"publish","type":"product","link":"https:\/\/beiroperu.com\/tienda\/catalogo\/topografia\/distanciometros\/bosch-glm-50-c\/","title":{"rendered":"BOSCH GLM 50 C"},"content":{"rendered":"<p><strong>Distancia de medici\u00f3n: 50,00<\/strong><\/p>\n<p>-La soluci\u00f3n inteligente para la medici\u00f3n y la documentaci\u00f3n<br \/>\n-Transferencia de datos r\u00e1pida y eficiente por Bluetooth<br \/>\n-Manejo sencillo con interfaz de usuario mejorada y pantalla a color iluminada orientable<br \/>\n-Gran funcionalidad: incluye una funci\u00f3n de marcado y un sensor de inclinaci\u00f3n de 360\u00b0 para realizar f\u00e1cilmente mediciones de \u00e1ngulos y aplicaciones de nivelaci\u00f3n.<\/p>\n<table>\n<tbody>\n<tr>\n<td><strong>Especificaciones:<\/strong><\/td>\n<td><\/td>\n<\/tr>\n<tr>\n<td>Diodo l\u00e1ser<\/td>\n<td>635 nm, &lt; 1 mW<\/td>\n<\/tr>\n<tr>\n<td>Margen de medici\u00f3n<\/td>\n<td>0,05 \u2013 50,00<\/td>\n<\/tr>\n<tr>\n<td>Clase de l\u00e1ser<\/td>\n<td>2<\/td>\n<\/tr>\n<tr>\n<td>Exactitud de la medici\u00f3n habitual<\/td>\n<td>+\/- 1,5 mm<\/td>\n<\/tr>\n<tr>\n<td>Margen de medici\u00f3n del inclin\u00f3metro<\/td>\n<td>0 \u2013 360\u00b0 (4 x 90\u00b0)<\/td>\n<\/tr>\n<tr>\n<td>Exactitud de la medici\u00f3n (habitual)<\/td>\n<td>+\/- 0,2\u00b0<\/td>\n<\/tr>\n<tr>\n<td>Tiempo de medici\u00f3n habitual<\/td>\n<td>&lt; 0,5 s<\/td>\n<\/tr>\n<tr>\n<td>Tiempo m\u00e1x. de la medici\u00f3n<\/td>\n<td>4 s<\/td>\n<\/tr>\n<tr>\n<td>Alimentaci\u00f3n de tensi\u00f3n<\/td>\n<td>2 x 1,5 V LR03 (AAA)<\/td>\n<\/tr>\n<tr>\n<td>Desconexi\u00f3n autom\u00e1tica<\/td>\n<td>5 m\u00edn.<\/td>\n<\/tr>\n<tr>\n<td>Peso, aprox.<\/td>\n<td>0,1 kg<\/td>\n<\/tr>\n<tr>\n<td>Unidades de medida<\/td>\n<td>mm\/m<\/td>\n<\/tr>\n<tr>\n<td>Memoria<\/td>\n<td>30<\/td>\n<\/tr>\n<tr>\n<td>Vida \u00fatil de las bater\u00edas, n\u00famero de mediciones aprox.<\/td>\n<td>10<\/td>\n<\/tr>\n<tr>\n<td>Vida \u00fatil de las bater\u00edas, tiempo de servicio aprox.<\/td>\n<td>2,5 H<\/td>\n<\/tr>\n<tr>\n<td>Protecci\u00f3n contra polvo y salpicaduras de agua<\/td>\n<td>IP 54<\/td>\n<\/tr>\n<tr>\n<td>Rosca de tr\u00edpode<\/td>\n<td>1\/4&#8243;<\/td>\n<\/tr>\n<tr>\n<td>Transmisi\u00f3n de datos<\/td>\n<td>Dispositivos Android a partir de Bluetooth\u2122 2.1, Dispositivos iOS con tecnolog\u00eda Bluetooth\u2122 Smart<\/td>\n<\/tr>\n<tr>\n<td>Dispositivos Android compatibles<\/td>\n<td>Smartphone con Android 4.3 o posterior, Tablet con Android 4.3 o posterior<\/td>\n<\/tr>\n<tr>\n<td>Dispositivos iOS compatibles<\/td>\n<td>iPad (a partir de la 3.\u00aa generaci\u00f3n), iPad Air (a partir de la 1.\u00aa generaci\u00f3n), iPad mini (a partir de la 1.\u00aa generaci\u00f3n), a partir de iPhone 4S<\/td>\n<\/tr>\n<\/tbody>\n<\/table>\n<p><strong>Ver Brochure:\u00a0<a href=\"https:\/\/cosola.com\/images\/BOSGLM50-C-p%C3%A1ginas-1.pdf\"><img loading=\"lazy\" decoding=\"async\" src=\"https:\/\/cosola.com\/images\/logos\/Logo-PDF.png\" alt=\"Logo-PDF\" width=\"70\" height=\"70\" \/><\/a><\/strong><\/p>\n","protected":false},"excerpt":{"rendered":"<p>-La soluci\u00f3n inteligente para la medici\u00f3n y la documentaci\u00f3n<br \/>\n-Transferencia de datos r\u00e1pida y eficiente por Bluetooth<br \/>\n-Manejo sencillo con interfaz de usuario mejorada y pantalla a color iluminada orientable<br \/>\n-Gran funcionalidad: incluye una funci\u00f3n de marcado y un sensor de inclinaci\u00f3n de 360\u00b0 para realizar f\u00e1cilmente mediciones de \u00e1ngulos y aplicaciones de nivelaci\u00f3n.<\/p>\n","protected":false},"featured_media":37406,"comment_status":"closed","ping_status":"closed","template":"","meta":[],"product_brand":[184],"product_cat":[83],"product_tag":[183,146],"class_list":{"0":"post-37405","1":"product","2":"type-product","3":"status-publish","4":"has-post-thumbnail","6":"product_brand-bosch","7":"product_cat-distanciometros","8":"product_tag-distanciometro","9":"product_tag-topografia","11":"first","12":"instock","13":"shipping-taxable","14":"product-type-simple"},"yoast_head":"<!-- This site is optimized with the Yoast SEO plugin v27.2 - https:\/\/yoast.com\/product\/yoast-seo-wordpress\/ -->\n<title>BOSCH GLM 50 C - Topograf\u00eda, Geolog\u00eda, Miner\u00eda y Equipamiento de Oficina<\/title>\n<meta name=\"robots\" content=\"index, follow, max-snippet:-1, max-image-preview:large, max-video-preview:-1\" \/>\n<link rel=\"canonical\" href=\"https:\/\/beiroperu.com\/tienda\/catalogo\/topografia\/distanciometros\/bosch-glm-50-c\/\" \/>\n<meta property=\"og:locale\" content=\"es_ES\" \/>\n<meta property=\"og:type\" content=\"article\" \/>\n<meta property=\"og:title\" content=\"BOSCH GLM 50 C - Topograf\u00eda, Geolog\u00eda, Miner\u00eda y Equipamiento de Oficina\" \/>\n<meta property=\"og:description\" content=\"-La soluci\u00f3n inteligente para la medici\u00f3n y la documentaci\u00f3n -Transferencia de datos r\u00e1pida y eficiente por Bluetooth -Manejo sencillo con interfaz de usuario mejorada y pantalla a color iluminada orientable -Gran funcionalidad: incluye una funci\u00f3n de marcado y un sensor de inclinaci\u00f3n de 360\u00b0 para realizar f\u00e1cilmente mediciones de \u00e1ngulos y aplicaciones de nivelaci\u00f3n.\" \/>\n<meta property=\"og:url\" content=\"https:\/\/beiroperu.com\/tienda\/catalogo\/topografia\/distanciometros\/bosch-glm-50-c\/\" \/>\n<meta property=\"og:site_name\" content=\"Topograf\u00eda, Geolog\u00eda, Miner\u00eda y Equipamiento de Oficina\" \/>\n<meta property=\"article:publisher\" content=\"https:\/\/www.facebook.com\/profile.php?id=61574959587714\" \/>\n<meta property=\"article:modified_time\" content=\"2026-04-03T12:32:46+00:00\" \/>\n<meta property=\"og:image\" content=\"https:\/\/beiroperu.com\/tienda\/wp-content\/uploads\/2026\/04\/bosch-glm-50c-distanciometro-1.jpg\" \/>\n\t<meta property=\"og:image:width\" content=\"800\" \/>\n\t<meta property=\"og:image:height\" content=\"930\" \/>\n\t<meta property=\"og:image:type\" content=\"image\/jpeg\" \/>\n<meta name=\"twitter:card\" content=\"summary_large_image\" \/>\n<meta name=\"twitter:label1\" content=\"Tiempo de lectura\" \/>\n\t<meta name=\"twitter:data1\" content=\"2 minutos\" \/>\n<script type=\"application\/ld+json\" class=\"yoast-schema-graph\">{\"@context\":\"https:\/\/schema.org\",\"@graph\":[{\"@type\":\"WebPage\",\"@id\":\"https:\/\/beiroperu.com\/tienda\/catalogo\/topografia\/distanciometros\/bosch-glm-50-c\/\",\"url\":\"https:\/\/beiroperu.com\/tienda\/catalogo\/topografia\/distanciometros\/bosch-glm-50-c\/\",\"name\":\"BOSCH GLM 50 C - Topograf\u00eda, Geolog\u00eda, Miner\u00eda y Equipamiento de Oficina\",\"isPartOf\":{\"@id\":\"https:\/\/beiroperu.com\/tienda\/#website\"},\"primaryImageOfPage\":{\"@id\":\"https:\/\/beiroperu.com\/tienda\/catalogo\/topografia\/distanciometros\/bosch-glm-50-c\/#primaryimage\"},\"image\":{\"@id\":\"https:\/\/beiroperu.com\/tienda\/catalogo\/topografia\/distanciometros\/bosch-glm-50-c\/#primaryimage\"},\"thumbnailUrl\":\"https:\/\/beiroperu.com\/tienda\/wp-content\/uploads\/2026\/04\/bosch-glm-50c-distanciometro-1.jpg\",\"datePublished\":\"2026-04-03T12:29:17+00:00\",\"dateModified\":\"2026-04-03T12:32:46+00:00\",\"breadcrumb\":{\"@id\":\"https:\/\/beiroperu.com\/tienda\/catalogo\/topografia\/distanciometros\/bosch-glm-50-c\/#breadcrumb\"},\"inLanguage\":\"es\",\"potentialAction\":[{\"@type\":\"ReadAction\",\"target\":[\"https:\/\/beiroperu.com\/tienda\/catalogo\/topografia\/distanciometros\/bosch-glm-50-c\/\"]}]},{\"@type\":\"ImageObject\",\"inLanguage\":\"es\",\"@id\":\"https:\/\/beiroperu.com\/tienda\/catalogo\/topografia\/distanciometros\/bosch-glm-50-c\/#primaryimage\",\"url\":\"https:\/\/beiroperu.com\/tienda\/wp-content\/uploads\/2026\/04\/bosch-glm-50c-distanciometro-1.jpg\",\"contentUrl\":\"https:\/\/beiroperu.com\/tienda\/wp-content\/uploads\/2026\/04\/bosch-glm-50c-distanciometro-1.jpg\",\"width\":800,\"height\":930},{\"@type\":\"BreadcrumbList\",\"@id\":\"https:\/\/beiroperu.com\/tienda\/catalogo\/topografia\/distanciometros\/bosch-glm-50-c\/#breadcrumb\",\"itemListElement\":[{\"@type\":\"ListItem\",\"position\":1,\"name\":\"Portada\",\"item\":\"https:\/\/beiroperu.com\/tienda\/\"},{\"@type\":\"ListItem\",\"position\":2,\"name\":\"Shop\",\"item\":\"https:\/\/beiroperu.com\/tienda\/shop\/\"},{\"@type\":\"ListItem\",\"position\":3,\"name\":\"BOSCH GLM 50 C\"}]},{\"@type\":\"WebSite\",\"@id\":\"https:\/\/beiroperu.com\/tienda\/#website\",\"url\":\"https:\/\/beiroperu.com\/tienda\/\",\"name\":\"Topograf\u00eda, Geolog\u00eda, Miner\u00eda y Equipamiento de Oficina\",\"description\":\"Beiro Per\u00fa\",\"publisher\":{\"@id\":\"https:\/\/beiroperu.com\/tienda\/#organization\"},\"alternateName\":\"Beiro Per\u00fa\",\"potentialAction\":[{\"@type\":\"SearchAction\",\"target\":{\"@type\":\"EntryPoint\",\"urlTemplate\":\"https:\/\/beiroperu.com\/tienda\/?s={search_term_string}\"},\"query-input\":{\"@type\":\"PropertyValueSpecification\",\"valueRequired\":true,\"valueName\":\"search_term_string\"}}],\"inLanguage\":\"es\"},{\"@type\":\"Organization\",\"@id\":\"https:\/\/beiroperu.com\/tienda\/#organization\",\"name\":\"Beiro\",\"alternateName\":\"Beiro Per\u00fa\",\"url\":\"https:\/\/beiroperu.com\/tienda\/\",\"logo\":{\"@type\":\"ImageObject\",\"inLanguage\":\"es\",\"@id\":\"https:\/\/beiroperu.com\/tienda\/#\/schema\/logo\/image\/\",\"url\":\"https:\/\/beiroperu.com\/tienda\/wp-content\/uploads\/2026\/03\/logo-beiro.jpeg\",\"contentUrl\":\"https:\/\/beiroperu.com\/tienda\/wp-content\/uploads\/2026\/03\/logo-beiro.jpeg\",\"width\":322,\"height\":123,\"caption\":\"Beiro\"},\"image\":{\"@id\":\"https:\/\/beiroperu.com\/tienda\/#\/schema\/logo\/image\/\"},\"sameAs\":[\"https:\/\/www.facebook.com\/profile.php?id=61574959587714\",\"https:\/\/www.instagram.com\/beiro_equipos_topograficos?igsh=cG11NHowcmp1dzFq\",\"https:\/\/www.threads.com\/@beiro_equipos_topograficos\"]}]}<\/script>\n<!-- \/ Yoast SEO plugin. -->","yoast_head_json":{"title":"BOSCH GLM 50 C - Topograf\u00eda, Geolog\u00eda, Miner\u00eda y Equipamiento de Oficina","robots":{"index":"index","follow":"follow","max-snippet":"max-snippet:-1","max-image-preview":"max-image-preview:large","max-video-preview":"max-video-preview:-1"},"canonical":"https:\/\/beiroperu.com\/tienda\/catalogo\/topografia\/distanciometros\/bosch-glm-50-c\/","og_locale":"es_ES","og_type":"article","og_title":"BOSCH GLM 50 C - Topograf\u00eda, Geolog\u00eda, Miner\u00eda y Equipamiento de Oficina","og_description":"-La soluci\u00f3n inteligente para la medici\u00f3n y la documentaci\u00f3n -Transferencia de datos r\u00e1pida y eficiente por Bluetooth -Manejo sencillo con interfaz de usuario mejorada y pantalla a color iluminada orientable -Gran funcionalidad: incluye una funci\u00f3n de marcado y un sensor de inclinaci\u00f3n de 360\u00b0 para realizar f\u00e1cilmente mediciones de \u00e1ngulos y aplicaciones de nivelaci\u00f3n.","og_url":"https:\/\/beiroperu.com\/tienda\/catalogo\/topografia\/distanciometros\/bosch-glm-50-c\/","og_site_name":"Topograf\u00eda, Geolog\u00eda, Miner\u00eda y Equipamiento de Oficina","article_publisher":"https:\/\/www.facebook.com\/profile.php?id=61574959587714","article_modified_time":"2026-04-03T12:32:46+00:00","og_image":[{"width":800,"height":930,"url":"https:\/\/beiroperu.com\/tienda\/wp-content\/uploads\/2026\/04\/bosch-glm-50c-distanciometro-1.jpg","type":"image\/jpeg"}],"twitter_card":"summary_large_image","twitter_misc":{"Tiempo de lectura":"2 minutos"},"schema":{"@context":"https:\/\/schema.org","@graph":[{"@type":"WebPage","@id":"https:\/\/beiroperu.com\/tienda\/catalogo\/topografia\/distanciometros\/bosch-glm-50-c\/","url":"https:\/\/beiroperu.com\/tienda\/catalogo\/topografia\/distanciometros\/bosch-glm-50-c\/","name":"BOSCH GLM 50 C - Topograf\u00eda, Geolog\u00eda, Miner\u00eda y Equipamiento de Oficina","isPartOf":{"@id":"https:\/\/beiroperu.com\/tienda\/#website"},"primaryImageOfPage":{"@id":"https:\/\/beiroperu.com\/tienda\/catalogo\/topografia\/distanciometros\/bosch-glm-50-c\/#primaryimage"},"image":{"@id":"https:\/\/beiroperu.com\/tienda\/catalogo\/topografia\/distanciometros\/bosch-glm-50-c\/#primaryimage"},"thumbnailUrl":"https:\/\/beiroperu.com\/tienda\/wp-content\/uploads\/2026\/04\/bosch-glm-50c-distanciometro-1.jpg","datePublished":"2026-04-03T12:29:17+00:00","dateModified":"2026-04-03T12:32:46+00:00","breadcrumb":{"@id":"https:\/\/beiroperu.com\/tienda\/catalogo\/topografia\/distanciometros\/bosch-glm-50-c\/#breadcrumb"},"inLanguage":"es","potentialAction":[{"@type":"ReadAction","target":["https:\/\/beiroperu.com\/tienda\/catalogo\/topografia\/distanciometros\/bosch-glm-50-c\/"]}]},{"@type":"ImageObject","inLanguage":"es","@id":"https:\/\/beiroperu.com\/tienda\/catalogo\/topografia\/distanciometros\/bosch-glm-50-c\/#primaryimage","url":"https:\/\/beiroperu.com\/tienda\/wp-content\/uploads\/2026\/04\/bosch-glm-50c-distanciometro-1.jpg","contentUrl":"https:\/\/beiroperu.com\/tienda\/wp-content\/uploads\/2026\/04\/bosch-glm-50c-distanciometro-1.jpg","width":800,"height":930},{"@type":"BreadcrumbList","@id":"https:\/\/beiroperu.com\/tienda\/catalogo\/topografia\/distanciometros\/bosch-glm-50-c\/#breadcrumb","itemListElement":[{"@type":"ListItem","position":1,"name":"Portada","item":"https:\/\/beiroperu.com\/tienda\/"},{"@type":"ListItem","position":2,"name":"Shop","item":"https:\/\/beiroperu.com\/tienda\/shop\/"},{"@type":"ListItem","position":3,"name":"BOSCH GLM 50 C"}]},{"@type":"WebSite","@id":"https:\/\/beiroperu.com\/tienda\/#website","url":"https:\/\/beiroperu.com\/tienda\/","name":"Topograf\u00eda, Geolog\u00eda, Miner\u00eda y Equipamiento de Oficina","description":"Beiro Per\u00fa","publisher":{"@id":"https:\/\/beiroperu.com\/tienda\/#organization"},"alternateName":"Beiro Per\u00fa","potentialAction":[{"@type":"SearchAction","target":{"@type":"EntryPoint","urlTemplate":"https:\/\/beiroperu.com\/tienda\/?s={search_term_string}"},"query-input":{"@type":"PropertyValueSpecification","valueRequired":true,"valueName":"search_term_string"}}],"inLanguage":"es"},{"@type":"Organization","@id":"https:\/\/beiroperu.com\/tienda\/#organization","name":"Beiro","alternateName":"Beiro Per\u00fa","url":"https:\/\/beiroperu.com\/tienda\/","logo":{"@type":"ImageObject","inLanguage":"es","@id":"https:\/\/beiroperu.com\/tienda\/#\/schema\/logo\/image\/","url":"https:\/\/beiroperu.com\/tienda\/wp-content\/uploads\/2026\/03\/logo-beiro.jpeg","contentUrl":"https:\/\/beiroperu.com\/tienda\/wp-content\/uploads\/2026\/03\/logo-beiro.jpeg","width":322,"height":123,"caption":"Beiro"},"image":{"@id":"https:\/\/beiroperu.com\/tienda\/#\/schema\/logo\/image\/"},"sameAs":["https:\/\/www.facebook.com\/profile.php?id=61574959587714","https:\/\/www.instagram.com\/beiro_equipos_topograficos?igsh=cG11NHowcmp1dzFq","https:\/\/www.threads.com\/@beiro_equipos_topograficos"]}]}},"_links":{"self":[{"href":"https:\/\/beiroperu.com\/tienda\/wp-json\/wp\/v2\/product\/37405","targetHints":{"allow":["GET"]}}],"collection":[{"href":"https:\/\/beiroperu.com\/tienda\/wp-json\/wp\/v2\/product"}],"about":[{"href":"https:\/\/beiroperu.com\/tienda\/wp-json\/wp\/v2\/types\/product"}],"replies":[{"embeddable":true,"href":"https:\/\/beiroperu.com\/tienda\/wp-json\/wp\/v2\/comments?post=37405"}],"wp:featuredmedia":[{"embeddable":true,"href":"https:\/\/beiroperu.com\/tienda\/wp-json\/wp\/v2\/media\/37406"}],"wp:attachment":[{"href":"https:\/\/beiroperu.com\/tienda\/wp-json\/wp\/v2\/media?parent=37405"}],"wp:term":[{"taxonomy":"product_brand","embeddable":true,"href":"https:\/\/beiroperu.com\/tienda\/wp-json\/wp\/v2\/product_brand?post=37405"},{"taxonomy":"product_cat","embeddable":true,"href":"https:\/\/beiroperu.com\/tienda\/wp-json\/wp\/v2\/product_cat?post=37405"},{"taxonomy":"product_tag","embeddable":true,"href":"https:\/\/beiroperu.com\/tienda\/wp-json\/wp\/v2\/product_tag?post=37405"}],"curies":[{"name":"wp","href":"https:\/\/api.w.org\/{rel}","templated":true}]}}